Forecast Directory
U.S. Alerts
El Dorado Weather Logo
U.S. Color IR Sat North America Color Background Satellite Thumb
Norcal Dual-Pol Radar Live Northern California Doppler Radar Thumbnail Image
W. Coast IR Satellite West Coast Infrared Satellite
Storm Cell Tracking Live Northern California Radar and Satellite Thumbnail Image
Street Level Radar Live U.S. Google Map Radar Thumbnail Image
Live Lightning Radar Placerville California Lightning Detection Radar Thumbnail Image
Live Streaming Webcam Placerville California Live Streaming WebCam Thumbnail Image
Local Wx Station Data Sacramento, Northern Sierra Nevada & the Motherlode Area Current Weather Conditions

NOAA Climate Report From: Placerville, Ca. Weather Station (EDWPC)

Archives below start from 6/22/2006 to the present:
2019: Jan | Feb | Mar | Apr | May | Jun | Jul | Aug | Sep | Oct | Nov | Dec 
2018: Jan | Feb | Mar | Apr | May | Jun | Jul | Aug | Sep | Oct | Nov | Dec 
2017: Jan | Feb | Mar | Apr | May | Jun | Jul | Aug | Sep | Oct | Nov | Dec 
2016: Jan | Feb | Mar | Apr | May | Jun | Jul | Aug | Sep | Oct | Nov | Dec 
2015: Jan | Feb | Mar | Apr | May | Jun | Jul | Aug | Sep | Oct | Nov | Dec 
2014: Jan | Feb | Mar | Apr | May | Jun | Jul | Aug | Sep | Oct | Nov | Dec 
2013: Jan | Feb | Mar | Apr | May | Jun | Jul | Aug | Sep | Oct | Nov | Dec 
2012: Jan | Feb | Mar | Apr | May | Jun | Jul | Aug | Sep | Oct | Nov | Dec 
2011: Jan | Feb | Mar | Apr | May | Jun | Jul | Aug | Sep | Oct | Nov | Dec 
2010: Jan | Feb | Mar | Apr | May | Jun | Jul | Aug | Sep | Oct | Nov | Dec 
2009: Jan | Feb | Mar | Apr | May | Jun | Jul | Aug | Sep | Oct | Nov | Dec 
2008: Jan | Feb | Mar | Apr | May | Jun | Jul | Aug | Sep | Oct | Nov | Dec 
2007: Jan | Feb | Mar | Apr | May | Jun | Jul | Aug | Sep | Oct | Nov | Dec 
 2006: Jan | Feb | Mar | Apr | May | Jun | Jul | Aug | Sep | Oct | Nov | Dec 

Report for 2019 09 MONTHLY CLIMATOLOGICAL SUMMARY FOR 9/2019 HEAT COOL MEAN DEG DEG WIND SPEED DOM MEAN MEAN DAY TEMP HIGH TIME LOW TIME DAYS DAYS RAIN AVG HI TIME DIR BAROM HUM --------------------------------------------------------------------------------------- 1 80.2 99.9 3:09pm 65.8 7:07am 3 16 0.00 0 0 12:00am SSW1014.50 33 2 80.8 98.3 3:28pm 66.8 7:16am 2 17 0.00 0 0 12:00am S1014.74 33 3 78.9 97.5 4:20pm 64.8 4:50am 3 15 0.00 0 7 3:27pm S1015.14 36 4 81.1 99.3 3:37pm 67.1 3:22am 3 17 0.00 0 11 2:17pm S1012.73 36 5 79.9 95.7 3:36pm 69.2 6:58am 2 16 0.00 0 2 12:00am SSW1015.09 34 6 76.7 94.8 4:14pm 61.8 6:35am 5 13 0.00 0 2 12:00am S1018.51 36 7 68.1 80.9 2:44pm 56.7 11:59pm 8 5 0.00 0 2 12:00am S1016.95 50 8 65.7 83.1 4:10pm 51.7 6:46am 11 6 0.00 0 2 12:00am S1016.95 60 9 66.9 82.1 4:19pm 54.0 7:44am 9 6 0.00 0 2 12:00am S1014.63 56 10 64.0 79.6 3:37pm 50.4 7:22am 12 4 0.00 0 2 12:00am SSW1014.54 55 11 68.5 87.7 4:27pm 53.8 5:40am 9 8 0.00 0 2 12:00am S1018.31 44 12 73.9 95.7 4:20pm 58.1 7:50am 7 12 0.00 0 2 12:00am SSW1018.91 37 13 78.0 97.2 3:32pm 63.0 5:38am 4 14 0.00 0 2 12:00am S1017.37 26 14 78.8 98.3 4:35pm 65.2 5:37am 4 15 0.00 0 2 12:00am S1015.04 26 15 71.7 88.3 4:09pm 60.2 11:57pm 6 9 0.00 0 2 12:00am SSW1012.35 34 16 59.8 69.5 4:03pm 53.7 11:52pm 15 0 0.75 0 2 12:00am E1015.79 78 17 63.0 80.8 3:43pm 49.6 6:29am 13 5 0.00 0 2 12:00am S1018.83 55 18 58.7 69.8 4:50pm 52.0 4:46am 16 1 0.49 0 2 12:00am ENE1016.67 78 19 60.8 76.5 4:24pm 49.4 7:02am 14 3 0.01 0 2 12:00am S1015.99 69 20 64.5 82.4 3:50pm 50.8 7:14am 12 5 0.00 0 2 12:00am S1016.07 54 21 67.7 85.9 4:15pm 53.3 6:17am 10 7 0.00 0 2 12:00am SSW1016.10 50 22 69.1 84.7 12:55pm 57.5 6:29am 8 7 0.00 0 2 12:00am S1015.24 50 23 70.2 88.2 4:35pm 56.3 6:17am 8 8 0.00 0 2 12:00am SSW1015.93 49 24 78.3 95.3 2:58pm 62.4 12:47am 3 14 0.00 0 2 12:00am S1015.76 33 25 77.1 95.6 3:44pm 62.3 7:52am 4 13 0.00 0 2 12:00am SSW1011.13 43 26 74.3 88.1 1:27pm 61.7 11:58pm 5 10 0.00 0 0 12:00am SSW1012.43 49 27 62.9 75.8 4:37pm 55.2 11:58pm 12 2 0.00 0 0 12:00am SSW1013.54 75 28 54.6 65.7 4:20pm 44.6 11:55pm 20 0 0.33 0 5 10:56am SSW1009.90 73 29 51.5 66.0 3:22pm 40.0 6:55am 23 0 0.01 0 1 12:00am SSW1015.24 67 30 52.1 64.2 3:42pm 44.1 11:53pm 23 0 0.15 0 1 12:00am SSW1017.37 71 --------------------------------------------------------------------------------------- TOT 69.3 99.9 9/1/19 40.0 9/29/19 273 248 1.74 0 11 9/4/19 SSW1015.36 50 HEAT BASE: 75.0 COOL BASE: 64.0



Contact Us | Mobile
Never base any life decisions on weather information from this site or anywhere over the Internet.
Site is dedicated to our Lord & Savior Jesus Christ | Random Jesus Quotes

Copyright © 2019 El Dorado Weather, Inc. | Site Designed By:  El Dorado Weather