Forecast Directory
U.S. Alerts
El Dorado Weather Logo
U.S. Color IR Sat North America Color Background Satellite Thumb
Norcal Dual-Pol Radar Live Northern California Doppler Radar Thumbnail Image
W. Coast IR Satellite West Coast Infrared Satellite
Storm Cell Tracking Live Northern California Radar and Satellite Thumbnail Image
Street Level Radar Live U.S. Google Map Radar Thumbnail Image
Live Lightning Radar Placerville California Lightning Detection Radar Thumbnail Image
Live Streaming Webcam Placerville California Live Streaming WebCam Thumbnail Image
Local Wx Station Data Sacramento, Northern Sierra Nevada & the Motherlode Area Current Weather Conditions
NOAA Climate Report From: Placerville, Ca. (EDWPC)
Archives below starts from 6/22/2006 to the present:
2021: Jan | Feb | Mar | Apr | May | Jun | Jul | Aug | Sep | Oct | Nov | Dec 
2020: Jan | Feb | Mar | Apr | May | Jun | Jul | Aug | Sep | Oct | Nov | Dec 
2019: Jan | Feb | Mar | Apr | May | Jun | Jul | Aug | Sep | Oct | Nov | Dec 
2018: Jan | Feb | Mar | Apr | May | Jun | Jul | Aug | Sep | Oct | Nov | Dec 
2017: Jan | Feb | Mar | Apr | May | Jun | Jul | Aug | Sep | Oct | Nov | Dec 
2016: Jan | Feb | Mar | Apr | May | Jun | Jul | Aug | Sep | Oct | Nov | Dec 
2015: Jan | Feb | Mar | Apr | May | Jun | Jul | Aug | Sep | Oct | Nov | Dec 
2014: Jan | Feb | Mar | Apr | May | Jun | Jul | Aug | Sep | Oct | Nov | Dec 
2013: Jan | Feb | Mar | Apr | May | Jun | Jul | Aug | Sep | Oct | Nov | Dec 
2012: Jan | Feb | Mar | Apr | May | Jun | Jul | Aug | Sep | Oct | Nov | Dec 
2011: Jan | Feb | Mar | Apr | May | Jun | Jul | Aug | Sep | Oct | Nov | Dec 
2010: Jan | Feb | Mar | Apr | May | Jun | Jul | Aug | Sep | Oct | Nov | Dec 
2009: Jan | Feb | Mar | Apr | May | Jun | Jul | Aug | Sep | Oct | Nov | Dec 
2008: Jan | Feb | Mar | Apr | May | Jun | Jul | Aug | Sep | Oct | Nov | Dec 
2007: Jan | Feb | Mar | Apr | May | Jun | Jul | Aug | Sep | Oct | Nov | Dec 
 2006: Jan | Feb | Mar | Apr | May | Jun | Jul | Aug | Sep | Oct | Nov | Dec 

Report for 2021 04 MONTHLY CLIMATOLOGICAL SUMMARY FOR 4/2021 HEAT COOL MEAN DEG DEG WIND SPEED DOM MEAN MEAN DAY TEMP HIGH TIME LOW TIME DAYS DAYS RAIN AVG HI TIME DIR BAROM HUM --------------------------------------------------------------------------------------- 1 65.0 85.5 3:39pm 50.6 4:02am 12 6 0.00 0 0 12:00am NE1017.37 36 2 63.9 83.0 3:58pm 51.0 7:44am 13 6 0.00 0 0 12:00am NE1017.61 37 3 55.6 71.6 4:02pm 42.4 7:30am 19 1 0.00 0 0 12:00am NE1021.88 59 4 51.7 68.8 3:31pm 39.1 5:53am 23 0 0.00 0 0 12:00am NE1023.45 71 5 52.0 69.3 4:52pm 41.1 5:01am 23 0 0.00 0 0 12:00am NNE1019.40 72 6 57.1 75.4 4:15pm 42.0 6:05am 18 3 0.00 0 0 12:00am N1019.29 64 7 56.3 72.5 4:14pm 44.3 7:43am 19 2 0.00 0 0 12:00am N1022.16 59 8 55.2 75.9 3:42pm 38.1 6:47am 20 2 0.00 0 0 12:00am NNE1022.67 55 9 57.7 77.0 4:16pm 44.3 7:36am 17 3 0.00 0 5 10:38am NNE1020.72 54 10 57.3 77.8 4:08pm 40.1 7:11am 18 3 0.00 0 0 12:00am ESE1019.07 59 11 59.9 79.2 3:36pm 44.5 7:22am 15 4 0.00 0 0 12:00am NE1013.74 49 12 62.1 80.9 4:29pm 47.7 7:38am 14 4 0.00 0 0 12:00am E1011.42 44 13 57.0 71.9 4:52pm 43.7 7:00am 18 1 0.00 0 0 12:00am NE1010.94 50 14 53.2 67.4 3:31pm 41.4 7:08am 22 0 0.00 0 0 12:00am NNE1015.71 61 15 56.9 73.9 5:01pm 42.0 5:32am 18 2 0.00 0 0 12:00am NNE1018.92 49 16 59.6 77.8 4:18pm 43.1 6:52am 16 3 0.00 0 0 12:00am NNE1017.33 50 17 64.1 84.4 3:22pm 46.7 7:10am 13 6 0.00 0 0 12:00am W1018.33 33 18 65.7 85.7 4:07pm 48.3 6:28am 12 7 0.00 0 0 12:00am N1021.03 29 19 59.7 78.9 11:59am 53.6 7:28am 8 1 0.00 0 0 12:00am NNW1020.04 43 --------------------------------------------------------------------------------------- TOT 58.4 85.7 4/18/21 38.1 4/8/21 317 55 0.00 0 5 4/9/21 NE1018.45 52 HEAT BASE: 75.0 COOL BASE: 64.0



Contact Us | Mobile
Never base any life decisions on weather information from this site or anywhere over the Internet.
Site is dedicated to our Lord & Savior Jesus Christ | Random Quotes of Jesus

Copyright © 2021 El Dorado Weather, Inc. | Site Designed By:  El Dorado Weather