World Forecast Directory U.S. Weather Alerts
El Dorado Weather Logo
U.S. Color IR Sat North America Color Background Satellite Thumb
Norcal Dual-Pol Radar Live Northern California Doppler Radar Thumbnail Image
Pacific NW Visible Sat Regional U.S. Radar
Storm Cell Tracking Live Northern California Radar and Satellite Thumbnail Image
Street Level Radar Live U.S. Google Map Radar Thumbnail Image
Live Lightning Radar Placerville California Lightning Detection Radar Thumbnail Image
Live Streaming Webcam Placerville California Live Streaming WebCam Thumbnail Image
Local Wx Station Data Sacramento, Northern Sierra Nevada & the Motherlode Area Current Weather Conditions

NOAA Climate Report From: Placerville, Ca. Weather Station (EDWPC)

Archives below start from 6/22/2006 to the present:
2018: Jan | Feb | Mar | Apr | May | Jun | Jul | Aug | Sep | Oct | Nov | Dec 
2017: Jan | Feb | Mar | Apr | May | Jun | Jul | Aug | Sep | Oct | Nov | Dec 
2016: Jan | Feb | Mar | Apr | May | Jun | Jul | Aug | Sep | Oct | Nov | Dec 
2015: Jan | Feb | Mar | Apr | May | Jun | Jul | Aug | Sep | Oct | Nov | Dec 
2014: Jan | Feb | Mar | Apr | May | Jun | Jul | Aug | Sep | Oct | Nov | Dec 
2013: Jan | Feb | Mar | Apr | May | Jun | Jul | Aug | Sep | Oct | Nov | Dec 
2012: Jan | Feb | Mar | Apr | May | Jun | Jul | Aug | Sep | Oct | Nov | Dec 
2011: Jan | Feb | Mar | Apr | May | Jun | Jul | Aug | Sep | Oct | Nov | Dec 
2010: Jan | Feb | Mar | Apr | May | Jun | Jul | Aug | Sep | Oct | Nov | Dec 
2009: Jan | Feb | Mar | Apr | May | Jun | Jul | Aug | Sep | Oct | Nov | Dec 
2008: Jan | Feb | Mar | Apr | May | Jun | Jul | Aug | Sep | Oct | Nov | Dec 
2007: Jan | Feb | Mar | Apr | May | Jun | Jul | Aug | Sep | Oct | Nov | Dec 
 2006: Jan | Feb | Mar | Apr | May | Jun | Jul | Aug | Sep | Oct | Nov | Dec 

Report for 2018 10 MONTHLY CLIMATOLOGICAL SUMMARY FOR 10/2018 HEAT COOL MEAN DEG DEG WIND SPEED DOM MEAN MEAN DAY TEMP HIGH TIME LOW TIME DAYS DAYS RAIN AVG HI TIME DIR BAROM HUM --------------------------------------------------------------------------------------- 1 66.8 83.2 3:38pm 55.0 7:43am 9 5 0.00 0 0 12:00am W1013.04 52 2 69.1 85.4 3:21pm 58.8 3:56am 8 7 0.00 0 0 12:00am W1011.51 50 3 61.6 67.5 12:34pm 58.0 7:16am 13 0 0.18 0 0 12:00am SSE1014.74 80 4 59.9 66.6 4:06pm 55.8 11:58pm 15 0 0.17 0 0 12:00am W1018.07 86 5 60.7 75.4 1:47pm 48.6 7:49am 14 3 0.00 0 0 12:00am WNW1019.58 73 6 62.8 74.9 1:17pm 52.1 7:59am 12 3 0.00 0 0 12:00am NW1014.41 61 7 61.1 81.2 2:13pm 45.8 7:51am 14 4 0.00 0 0 12:00am NW1013.86 44 8 63.0 78.7 2:19pm 49.7 7:49am 12 4 0.00 0 0 12:00am W1012.09 37 9 65.0 81.6 2:15pm 53.2 6:31am 11 5 0.00 0 3 12:24pm W1011.07 47 10 61.7 76.1 1:05pm 50.3 8:09am 13 3 0.00 0 1 12:00am W1010.52 58 11 59.6 74.0 2:21pm 49.8 7:50am 15 2 0.00 0 1 12:00am W1012.80 66 12 63.8 82.1 1:09pm 51.3 2:26am 12 5 0.00 0 1 12:00am NNW1013.80 43 13 64.6 82.8 2:09pm 53.9 2:06am 12 5 0.00 0 1 12:00am W1012.52 36 14 63.2 80.3 12:49pm 50.0 6:35am 13 5 0.00 0 3 9:49pm NNW1015.69 25 15 62.9 81.6 1:32pm 47.9 8:09am 13 4 0.00 0 11 1:37am W1021.89 17 16 61.5 80.0 1:25pm 48.8 7:40am 14 4 0.00 0 2 12:00am W1020.84 26 17 61.9 81.2 1:32pm 49.8 7:54am 14 4 0.00 0 2 12:00am W1021.17 29 18 63.5 83.0 2:17pm 51.8 6:06am 13 5 0.00 0 2 12:00am WNW1021.94 32 19 63.7 84.8 2:02pm 49.9 7:25am 13 5 0.00 0 2 12:00am W1021.81 34 20 64.6 84.4 2:25pm 51.9 7:50am 12 5 0.00 0 2 12:00am W1018.54 33 21 59.6 80.0 11:58am 55.0 3:48am 8 1 0.00 0 2 12:00am SSE1017.34 34 --------------------------------------------------------------------------------------- TOT 63.0 85.4 10/2/18 45.8 10/7/18 262 80 0.35 0 11 10/15/18 W1016.02 46 HEAT BASE: 75.0 COOL BASE: 64.0

Google



Contact Us | Mobile
Never base any life decisions on weather information from this site or anywhere over the Internet.
Site is dedicated to our Lord & Savior Jesus Christ (Yeshua Messiah) | Random Quotes

Copyright © 2018 El Dorado Weather, Inc. | Site Designed By:  El Dorado Weather