Forecast Directory
U.S. Alerts
El Dorado Weather Logo
U.S. Color IR Sat North America Color Background Satellite Thumb
Norcal Dual-Pol Radar Live Northern California Doppler Radar Thumbnail Image
W. Coast IR Satellite West Coast Infrared Satellite
Storm Cell Tracking Live Northern California Radar and Satellite Thumbnail Image
Street Level Radar Live U.S. Google Map Radar Thumbnail Image
Live Lightning Radar Placerville California Lightning Detection Radar Thumbnail Image
Live Streaming Webcam Placerville California Live Streaming WebCam Thumbnail Image
Local Wx Station Data Sacramento, Northern Sierra Nevada & the Motherlode Area Current Weather Conditions
NOAA Climate Report From: Placerville, Ca. (EDWPC)
Archives below starts from 6/22/2006 to the present:
2020: Jan | Feb | Mar | Apr | May | Jun | Jul | Aug | Sep | Oct | Nov | Dec 
2019: Jan | Feb | Mar | Apr | May | Jun | Jul | Aug | Sep | Oct | Nov | Dec 
2018: Jan | Feb | Mar | Apr | May | Jun | Jul | Aug | Sep | Oct | Nov | Dec 
2017: Jan | Feb | Mar | Apr | May | Jun | Jul | Aug | Sep | Oct | Nov | Dec 
2016: Jan | Feb | Mar | Apr | May | Jun | Jul | Aug | Sep | Oct | Nov | Dec 
2015: Jan | Feb | Mar | Apr | May | Jun | Jul | Aug | Sep | Oct | Nov | Dec 
2014: Jan | Feb | Mar | Apr | May | Jun | Jul | Aug | Sep | Oct | Nov | Dec 
2013: Jan | Feb | Mar | Apr | May | Jun | Jul | Aug | Sep | Oct | Nov | Dec 
2012: Jan | Feb | Mar | Apr | May | Jun | Jul | Aug | Sep | Oct | Nov | Dec 
2011: Jan | Feb | Mar | Apr | May | Jun | Jul | Aug | Sep | Oct | Nov | Dec 
2010: Jan | Feb | Mar | Apr | May | Jun | Jul | Aug | Sep | Oct | Nov | Dec 
2009: Jan | Feb | Mar | Apr | May | Jun | Jul | Aug | Sep | Oct | Nov | Dec 
2008: Jan | Feb | Mar | Apr | May | Jun | Jul | Aug | Sep | Oct | Nov | Dec 
2007: Jan | Feb | Mar | Apr | May | Jun | Jul | Aug | Sep | Oct | Nov | Dec 
 2006: Jan | Feb | Mar | Apr | May | Jun | Jul | Aug | Sep | Oct | Nov | Dec 

Report for 2020 09 MONTHLY CLIMATOLOGICAL SUMMARY FOR 9/2020 HEAT COOL MEAN DEG DEG WIND SPEED DOM MEAN MEAN DAY TEMP HIGH TIME LOW TIME DAYS DAYS RAIN AVG HI TIME DIR BAROM HUM --------------------------------------------------------------------------------------- 1 77.4 94.6 1:39pm 62.8 7:13am 4 13 0.00 0 0 12:00am SW1013.32 45 2 74.3 92.5 4:08pm 58.9 7:30am 5 11 0.00 0 0 12:00am SW1017.12 49 3 77.2 94.8 4:15pm 62.6 7:01am 4 13 0.00 0 0 12:00am SW1016.65 44 4 80.1 99.2 3:25pm 66.5 6:58am 3 16 0.00 0 0 12:00am SW1015.67 39 5 83.0 101.1 4:03pm 67.8 7:20am 2 19 0.00 0 4 12:30pm SW1016.55 36 6 88.2 111.0 3:55pm 76.7 4:09am 0 24 0.00 0 4 12:00am SW1015.95 25 7 86.8 103.0 3:32pm 77.8 7:00am 0 23 0.00 0 4 12:00am SW1010.40 26 8 82.0 102.5 1:25pm 71.2 11:58pm 1 18 0.00 0 4 12:00am ESE1005.13 20 9 75.3 88.3 2:04pm 64.8 11:56pm 3 11 0.00 0 4 12:00am SW1011.09 23 10 71.8 86.1 3:15pm 61.2 4:25am 6 8 0.00 0 4 12:00am SW1017.72 33 11 72.7 88.7 3:40pm 61.9 2:53am 6 9 0.00 0 4 12:00am SW1017.96 36 12 72.4 89.7 2:11pm 58.3 7:38am 6 10 0.00 0 4 12:00am SW1015.44 37 13 73.4 90.6 4:30pm 61.2 7:23am 6 10 0.00 0 4 12:00am SW1014.53 34 14 73.1 91.7 3:31pm 59.9 5:57am 6 10 0.00 0 0 12:00am SW1016.76 36 15 74.7 92.5 2:48pm 62.9 7:37am 5 11 0.00 0 0 12:00am SW1018.72 32 16 73.8 92.3 4:31pm 60.4 7:20am 6 10 0.00 0 0 12:00am SW1018.14 37 17 73.1 91.5 3:58pm 59.6 7:27am 6 10 0.00 0 0 12:00am SW1016.24 38 18 67.5 81.8 4:19pm 58.9 11:57pm 8 4 0.00 0 0 12:00am SW1016.69 55 19 68.0 86.4 2:46pm 52.8 6:52am 10 7 0.00 0 0 12:00am SW1016.41 53 20 63.1 82.5 11:57am 57.3 6:58am 6 1 0.00 0 0 12:00am SW1014.78 56 --------------------------------------------------------------------------------------- TOT 75.7 111.0 9/6/20 52.8 9/19/20 94 240 0.00 0 4 9/5/20 SW1015.27 37 HEAT BASE: 75.0 COOL BASE: 64.0



Contact Us | Mobile
Never base any life decisions on weather information from this site or anywhere over the Internet.
Site is dedicated to our Lord & Savior Jesus Christ | Random Quotes of Jesus

Copyright © 2020 El Dorado Weather, Inc. | Site Designed By:  El Dorado Weather