Forecast Directory
U.S. Alerts
El Dorado Weather Logo
U.S. Color IR Sat North America Color Background Satellite Thumb
Norcal Dual-Pol Radar Live Northern California Doppler Radar Thumbnail Image
W. Coast IR Satellite West Coast Infrared Satellite
Storm Cell Tracking Live Northern California Radar and Satellite Thumbnail Image
Street Level Radar Live U.S. Google Map Radar Thumbnail Image
Live Lightning Radar Placerville California Lightning Detection Radar Thumbnail Image
Live Streaming Webcam Placerville California Live Streaming WebCam Thumbnail Image
Local Wx Station Data Sacramento, Northern Sierra Nevada & the Motherlode Area Current Weather Conditions
NOAA Climate Report From: Placerville, Ca. (EDWPC)
Archives below starts from 6/22/2006 to the present:
2021: Jan | Feb | Mar | Apr | May | Jun | Jul | Aug | Sep | Oct | Nov | Dec 
2020: Jan | Feb | Mar | Apr | May | Jun | Jul | Aug | Sep | Oct | Nov | Dec 
2019: Jan | Feb | Mar | Apr | May | Jun | Jul | Aug | Sep | Oct | Nov | Dec 
2018: Jan | Feb | Mar | Apr | May | Jun | Jul | Aug | Sep | Oct | Nov | Dec 
2017: Jan | Feb | Mar | Apr | May | Jun | Jul | Aug | Sep | Oct | Nov | Dec 
2016: Jan | Feb | Mar | Apr | May | Jun | Jul | Aug | Sep | Oct | Nov | Dec 
2015: Jan | Feb | Mar | Apr | May | Jun | Jul | Aug | Sep | Oct | Nov | Dec 
2014: Jan | Feb | Mar | Apr | May | Jun | Jul | Aug | Sep | Oct | Nov | Dec 
2013: Jan | Feb | Mar | Apr | May | Jun | Jul | Aug | Sep | Oct | Nov | Dec 
2012: Jan | Feb | Mar | Apr | May | Jun | Jul | Aug | Sep | Oct | Nov | Dec 
2011: Jan | Feb | Mar | Apr | May | Jun | Jul | Aug | Sep | Oct | Nov | Dec 
2010: Jan | Feb | Mar | Apr | May | Jun | Jul | Aug | Sep | Oct | Nov | Dec 
2009: Jan | Feb | Mar | Apr | May | Jun | Jul | Aug | Sep | Oct | Nov | Dec 
2008: Jan | Feb | Mar | Apr | May | Jun | Jul | Aug | Sep | Oct | Nov | Dec 
2007: Jan | Feb | Mar | Apr | May | Jun | Jul | Aug | Sep | Oct | Nov | Dec 
 2006: Jan | Feb | Mar | Apr | May | Jun | Jul | Aug | Sep | Oct | Nov | Dec 

Report for 2021 01 MONTHLY CLIMATOLOGICAL SUMMARY FOR 1/2021 HEAT COOL MEAN DEG DEG WIND SPEED DOM MEAN MEAN DAY TEMP HIGH TIME LOW TIME DAYS DAYS RAIN AVG HI TIME DIR BAROM HUM --------------------------------------------------------------------------------------- 1 42.0 53.7 1:45pm 33.3 7:20am 33 0 0.00 0 0 12:00am S1025.45 77 2 45.8 49.4 11:22am 42.2 12:00am 29 0 0.06 0 0 12:00am S1027.76 83 3 49.2 59.0 1:48pm 42.5 8:21am 26 0 0.00 0 6 1:44pm SSE1026.59 83 4 47.5 49.8 9:16am 41.2 11:57pm 27 0 0.84 0 3 12:00am SSW1024.13 91 5 43.8 61.3 2:11pm 35.2 7:39am 31 0 0.00 0 3 12:00am W1028.05 82 6 44.5 55.1 1:38pm 37.9 12:39am 31 0 0.00 0 3 12:00am E1027.38 77 7 43.3 55.0 2:50pm 36.8 6:23am 32 0 0.00 0 3 12:00am SW1026.98 70 8 45.6 54.8 1:04pm 39.5 11:54pm 29 0 0.00 0 3 12:00am SW1028.31 77 9 42.4 55.4 3:12pm 34.4 6:51am 33 0 0.00 0 3 12:00am SSW1027.80 74 10 43.5 56.8 2:49pm 35.8 7:33am 31 0 0.00 0 3 12:00am SW1028.90 78 11 45.8 60.1 3:22pm 37.3 7:15am 29 0 0.00 0 3 12:00am S1027.98 80 12 49.1 57.7 2:18pm 42.1 2:17am 26 0 0.00 0 3 12:00am SW1029.59 69 13 52.9 68.1 2:13pm 45.2 7:25am 22 0 0.00 0 0 12:00am W1031.25 69 14 51.5 67.9 2:33pm 42.3 7:53am 24 0 0.00 0 0 12:00am W1030.08 68 15 53.8 71.0 2:26pm 43.9 2:39am 21 1 0.00 0 0 12:00am W1029.21 66 16 55.6 71.2 1:55pm 47.3 6:22am 19 1 0.00 0 0 12:00am SW1024.28 61 17 55.1 74.6 2:30pm 44.8 7:50am 20 2 0.00 0 0 12:00am SSW1022.07 70 18 57.9 73.5 2:23pm 47.9 1:47am 17 2 0.00 0 0 12:00am W1017.01 38 19 49.2 62.2 1:10pm 36.7 8:02am 26 0 0.00 0 0 12:00am ESE1018.85 31 20 50.6 67.7 2:36pm 40.7 7:56am 24 0 0.00 0 0 12:00am SSW1021.94 39 21 43.6 61.4 11:57am 39.5 4:19am 16 0 0.00 0 0 12:00am SSW1022.12 53 --------------------------------------------------------------------------------------- TOT 48.3 74.6 1/17/21 33.3 1/1/21 546 6 0.90 0 6 1/3/21 SSW1026.06 69 HEAT BASE: 75.0 COOL BASE: 64.0



Contact Us | Mobile
Never base any life decisions on weather information from this site or anywhere over the Internet.
Site is dedicated to our Lord & Savior Jesus Christ | Random Quotes of Jesus

Copyright © 2021 El Dorado Weather, Inc. | Site Designed By:  El Dorado Weather