Forecast Directory
U.S. Alerts
El Dorado Weather Logo
U.S. Color IR Sat North America Color Background Satellite Thumb
Norcal Dual-Pol Radar Live Northern California Doppler Radar Thumbnail Image
W. Coast IR Satellite West Coast Infrared Satellite
Storm Cell Tracking Live Northern California Radar and Satellite Thumbnail Image
Street Level Radar Live U.S. Google Map Radar Thumbnail Image
Live Lightning Radar Placerville California Lightning Detection Radar Thumbnail Image
Live Streaming Webcam Placerville California Live Streaming WebCam Thumbnail Image
Local Wx Station Data Sacramento, Northern Sierra Nevada & the Motherlode Area Current Weather Conditions

NOAA Climate Report From: Placerville, Ca. Weather Station (EDWPC)

Archives below start from 6/22/2006 to the present:
2019: Jan | Feb | Mar | Apr | May | Jun | Jul | Aug | Sep | Oct | Nov | Dec 
2018: Jan | Feb | Mar | Apr | May | Jun | Jul | Aug | Sep | Oct | Nov | Dec 
2017: Jan | Feb | Mar | Apr | May | Jun | Jul | Aug | Sep | Oct | Nov | Dec 
2016: Jan | Feb | Mar | Apr | May | Jun | Jul | Aug | Sep | Oct | Nov | Dec 
2015: Jan | Feb | Mar | Apr | May | Jun | Jul | Aug | Sep | Oct | Nov | Dec 
2014: Jan | Feb | Mar | Apr | May | Jun | Jul | Aug | Sep | Oct | Nov | Dec 
2013: Jan | Feb | Mar | Apr | May | Jun | Jul | Aug | Sep | Oct | Nov | Dec 
2012: Jan | Feb | Mar | Apr | May | Jun | Jul | Aug | Sep | Oct | Nov | Dec 
2011: Jan | Feb | Mar | Apr | May | Jun | Jul | Aug | Sep | Oct | Nov | Dec 
2010: Jan | Feb | Mar | Apr | May | Jun | Jul | Aug | Sep | Oct | Nov | Dec 
2009: Jan | Feb | Mar | Apr | May | Jun | Jul | Aug | Sep | Oct | Nov | Dec 
2008: Jan | Feb | Mar | Apr | May | Jun | Jul | Aug | Sep | Oct | Nov | Dec 
2007: Jan | Feb | Mar | Apr | May | Jun | Jul | Aug | Sep | Oct | Nov | Dec 
 2006: Jan | Feb | Mar | Apr | May | Jun | Jul | Aug | Sep | Oct | Nov | Dec 

Report for 2019 06 MONTHLY CLIMATOLOGICAL SUMMARY FOR 6/2019 HEAT COOL MEAN DEG DEG WIND SPEED DOM MEAN MEAN DAY TEMP HIGH TIME LOW TIME DAYS DAYS RAIN AVG HI TIME DIR BAROM HUM --------------------------------------------------------------------------------------- 1 71.7 90.3 5:00pm 55.9 6:38am 7 10 0.00 0 1 12:00am SE1010.67 52 2 70.9 87.0 3:43pm 57.7 6:06am 7 8 0.00 0 4 5:02pm SE1011.93 57 3 73.0 91.1 5:11pm 57.1 6:21am 6 11 0.00 0 4 12:00am SE1013.51 64 4 76.5 95.2 5:05pm 61.8 6:35am 4 13 0.00 0 4 12:00am SSE1013.90 60 5 78.7 97.2 4:46pm 64.3 5:56am 4 15 0.00 0 4 12:00am SE1012.81 55 6 70.4 84.6 2:33pm 57.7 11:58pm 7 7 0.00 0 4 12:00am SSE1013.44 54 7 62.6 79.8 4:08pm 48.8 6:12am 13 4 0.00 0 4 12:00am S1016.91 51 8 69.5 89.9 5:01pm 50.4 4:36am 9 9 0.00 0 4 12:00am S1016.78 39 9 75.8 95.5 4:18pm 60.8 2:43am 5 12 0.00 0 4 12:00am SE1018.37 36 10 80.9 102.0 3:49pm 66.0 2:02am 3 17 0.00 0 4 12:00am SE1018.26 35 11 82.5 102.9 3:10pm 67.7 5:29am 2 18 0.00 0 4 12:00am SSE1017.40 38 12 83.8 101.5 2:58pm 71.9 7:26am 1 20 0.00 0 4 12:00am SSE1013.70 39 13 77.9 94.9 2:52pm 67.0 11:57pm 3 14 0.00 0 0 12:00am SE1011.90 49 14 73.9 92.9 5:30pm 58.8 6:52am 6 11 0.00 0 0 12:00am SE1013.19 58 15 70.9 88.6 5:23pm 55.2 7:10am 7 9 0.00 0 0 12:00am SSE1014.06 54 16 72.4 91.3 3:44pm 56.0 6:18am 7 11 0.00 0 0 12:00am SE1011.78 58 17 76.5 93.5 5:46pm 61.9 6:52am 4 12 0.00 0 0 12:00am SE1010.95 58 --------------------------------------------------------------------------------------- TOT 74.6 102.9 6/11/19 48.8 6/7/19 96 200 0.00 0 4 6/2/19 SE1014.11 50 HEAT BASE: 75.0 COOL BASE: 64.0

Google


Contact Us | Mobile
Never base any life decisions on weather information from this site or anywhere over the Internet.
Site is dedicated to our Lord & Savior Jesus Christ | Random Quotes

Copyright © 2019 El Dorado Weather, Inc. | Site Designed By:  El Dorado Weather