U.S. Alerts  
El Dorado Weather Logo
U.S. Color IR Sat North America Color Background Satellite Thumb
Norcal Dual-Pol Radar Live Northern California Doppler Radar Thumbnail Image
W. Coast IR Satellite West Coast Infrared Satellite
Live Lightning Radar Placerville California Lightning Detection Radar Thumbnail Image
Live Streaming Webcam Placerville California Live Streaming WebCam Thumbnail Image
Local Wx Station Data Sacramento, Northern Sierra Nevada & the Motherlode Area Current Weather Conditions
NOAA Climate Report From: Placerville, Ca. (EDWPC)
Archives below starts from 6/22/2006 to the present:
2024: Jan | Feb | Mar | Apr | May | Jun | Jul | Aug | Sep | Oct | Nov | Dec 
2023: Jan | Feb | Mar | Apr | May | Jun | Jul | Aug | Sep | Oct | Nov | Dec 
2022: Jan | Feb | Mar | Apr | May | Jun | Jul | Aug | Sep | Oct | Nov | Dec 
2021: Jan | Feb | Mar | Apr | May | Jun | Jul | Aug | Sep | Oct | Nov | Dec 
2020: Jan | Feb | Mar | Apr | May | Jun | Jul | Aug | Sep | Oct | Nov | Dec 
2019: Jan | Feb | Mar | Apr | May | Jun | Jul | Aug | Sep | Oct | Nov | Dec 
2018: Jan | Feb | Mar | Apr | May | Jun | Jul | Aug | Sep | Oct | Nov | Dec 
2017: Jan | Feb | Mar | Apr | May | Jun | Jul | Aug | Sep | Oct | Nov | Dec 
2016: Jan | Feb | Mar | Apr | May | Jun | Jul | Aug | Sep | Oct | Nov | Dec 
2015: Jan | Feb | Mar | Apr | May | Jun | Jul | Aug | Sep | Oct | Nov | Dec 
2014: Jan | Feb | Mar | Apr | May | Jun | Jul | Aug | Sep | Oct | Nov | Dec 
2013: Jan | Feb | Mar | Apr | May | Jun | Jul | Aug | Sep | Oct | Nov | Dec 
2012: Jan | Feb | Mar | Apr | May | Jun | Jul | Aug | Sep | Oct | Nov | Dec 
2011: Jan | Feb | Mar | Apr | May | Jun | Jul | Aug | Sep | Oct | Nov | Dec 
2010: Jan | Feb | Mar | Apr | May | Jun | Jul | Aug | Sep | Oct | Nov | Dec 
2009: Jan | Feb | Mar | Apr | May | Jun | Jul | Aug | Sep | Oct | Nov | Dec 
2008: Jan | Feb | Mar | Apr | May | Jun | Jul | Aug | Sep | Oct | Nov | Dec 
2007: Jan | Feb | Mar | Apr | May | Jun | Jul | Aug | Sep | Oct | Nov | Dec 
 2006: Jan | Feb | Mar | Apr | May | Jun | Jul | Aug | Sep | Oct | Nov | Dec 

Report for 2024 05 MONTHLY CLIMATOLOGICAL SUMMARY FOR 5/2024 HEAT COOL MEAN DEG DEG WIND SPEED DOM MEAN MEAN DAY TEMP HIGH TIME LOW TIME DAYS DAYS RAIN AVG HI TIME DIR BAROM HUM --------------------------------------------------------------------------------------- 1 59.0 77.6 3:18pm 43.7 5:38am 16 3 0.00 0 0 12:00am E1016.92 43 2 62.7 80.3 4:10pm 47.2 5:35am 13 5 0.00 0 0 12:00am E1016.12 50 3 64.0 79.6 4:02pm 50.2 6:24am 12 5 0.00 0 6 2:00pm NNW1013.40 51 4 47.1 56.0 12:00am 41.5 3:36pm 28 0 1.29 0 2 12:00am W1011.80 86 5 48.1 61.2 4:50pm 39.9 7:06am 27 0 0.16 0 2 12:00am WNW1019.65 72 6 53.2 69.3 2:58pm 38.1 5:41am 22 1 0.00 0 2 12:00am WNW1022.33 61 7 56.5 73.4 5:05pm 42.0 5:52am 18 2 0.00 0 2 12:00am N1019.33 64 8 61.7 81.3 4:51pm 44.9 6:15am 14 5 0.00 0 2 12:00am NNW1014.76 42 9 70.5 85.2 3:58pm 59.9 6:19am 7 8 0.00 0 2 12:00am SSW1014.61 30 10 71.9 93.4 4:08pm 53.9 5:42am 8 11 0.00 0 2 12:00am ESE1014.78 39 11 72.7 90.2 4:52pm 56.1 5:14am 7 10 0.00 0 2 12:00am W1013.72 40 12 72.1 89.8 5:06pm 57.6 6:56am 7 9 0.00 0 0 12:00am SW1014.04 48 13 71.0 86.4 4:54pm 56.8 4:57am 7 9 0.00 0 0 12:00am SSW1013.85 50 14 71.2 88.3 5:26pm 56.6 6:10am 7 9 0.00 0 0 12:00am SSW1012.43 54 15 73.6 91.1 4:24pm 58.7 6:57am 6 11 0.00 0 0 12:00am W1011.44 57 16 69.3 85.7 3:55pm 56.9 6:15am 8 7 0.00 0 0 12:00am E1013.01 63 17 68.0 85.3 4:27pm 51.9 6:37am 9 7 0.00 0 1 6:31pm SW1013.35 65 18 67.0 82.6 3:59pm 54.9 7:02am 9 6 0.00 0 0 12:00am WSW1013.93 67 19 63.2 79.2 6:26pm 50.4 6:10am 12 4 0.00 0 0 12:00am SW1016.26 65 20 64.1 79.3 3:34pm 50.9 6:26am 12 5 0.00 0 0 12:00am SSW1014.95 58 21 69.1 85.1 5:34pm 54.2 1:48am 9 8 0.00 0 0 12:00am W1014.98 33 22 68.1 83.3 6:18pm 54.0 6:52am 9 7 0.00 0 0 12:00am SSW1014.13 45 23 66.9 82.9 5:29pm 52.3 6:50am 10 6 0.00 0 0 12:00am S1012.84 52 24 63.1 78.0 4:49pm 50.3 6:38am 12 4 0.00 0 0 12:00am SSW1012.26 55 25 59.1 74.6 4:55pm 46.8 6:26am 16 2 0.00 0 0 12:00am SSW1016.70 66 26 64.6 83.6 4:00pm 47.8 5:23am 12 6 0.00 0 0 12:00am S1017.92 59 27 70.2 87.4 4:40pm 55.7 5:41am 8 9 0.00 0 0 12:00am S1016.99 53 28 62.0 78.9 11:59am 53.6 6:36am 7 1 0.00 0 0 12:00am SSW1017.15 66 --------------------------------------------------------------------------------------- TOT 64.7 93.4 5/10/24 38.1 5/6/24 332 159 1.45 0 6 5/3/24 W1015.04 55 HEAT BASE: 75.0 COOL BASE: 64.0



Contact Us Contact Us Thumbnail | Mobile Mobile Phone Thumbnail
Private Policy | Terms & Conds | Consent Preferences | Cookie Policy
Never base any life decisions on weather information from this site or anywhere over the Internet.
Site is dedicated to our Lord & Savior Jesus Christ | Random Quotes of Jesus

Copyright © 2024 El Dorado Weather, Inc. | Site Designed By:  Webmaster Danny