Forecast Directory
U.S. Alerts
El Dorado Weather Logo
U.S. Color IR Sat North America Color Background Satellite Thumb
Norcal Dual-Pol Radar Live Northern California Doppler Radar Thumbnail Image
W. Coast IR Satellite West Coast Infrared Satellite
Storm Cell Tracking Live Northern California Radar and Satellite Thumbnail Image
Street Level Radar Live U.S. Google Map Radar Thumbnail Image
Live Lightning Radar Placerville California Lightning Detection Radar Thumbnail Image
Live Streaming Webcam Placerville California Live Streaming WebCam Thumbnail Image
Local Wx Station Data Sacramento, Northern Sierra Nevada & the Motherlode Area Current Weather Conditions

NOAA Climate Report From: Placerville, Ca. Weather Station (EDWPC)

Archives below start from 6/22/2006 to the present:
2019: Jan | Feb | Mar | Apr | May | Jun | Jul | Aug | Sep | Oct | Nov | Dec 
2018: Jan | Feb | Mar | Apr | May | Jun | Jul | Aug | Sep | Oct | Nov | Dec 
2017: Jan | Feb | Mar | Apr | May | Jun | Jul | Aug | Sep | Oct | Nov | Dec 
2016: Jan | Feb | Mar | Apr | May | Jun | Jul | Aug | Sep | Oct | Nov | Dec 
2015: Jan | Feb | Mar | Apr | May | Jun | Jul | Aug | Sep | Oct | Nov | Dec 
2014: Jan | Feb | Mar | Apr | May | Jun | Jul | Aug | Sep | Oct | Nov | Dec 
2013: Jan | Feb | Mar | Apr | May | Jun | Jul | Aug | Sep | Oct | Nov | Dec 
2012: Jan | Feb | Mar | Apr | May | Jun | Jul | Aug | Sep | Oct | Nov | Dec 
2011: Jan | Feb | Mar | Apr | May | Jun | Jul | Aug | Sep | Oct | Nov | Dec 
2010: Jan | Feb | Mar | Apr | May | Jun | Jul | Aug | Sep | Oct | Nov | Dec 
2009: Jan | Feb | Mar | Apr | May | Jun | Jul | Aug | Sep | Oct | Nov | Dec 
2008: Jan | Feb | Mar | Apr | May | Jun | Jul | Aug | Sep | Oct | Nov | Dec 
2007: Jan | Feb | Mar | Apr | May | Jun | Jul | Aug | Sep | Oct | Nov | Dec 
 2006: Jan | Feb | Mar | Apr | May | Jun | Jul | Aug | Sep | Oct | Nov | Dec 

Report for 2019 01 MONTHLY CLIMATOLOGICAL SUMMARY FOR 1/2019 HEAT COOL MEAN DEG DEG WIND SPEED DOM MEAN MEAN DAY TEMP HIGH TIME LOW TIME DAYS DAYS RAIN AVG HI TIME DIR BAROM HUM --------------------------------------------------------------------------------------- 1 38.7 56.0 1:30pm 29.1 4:44am 36 0 0.00 0 1 12:00am WNW1026.56 46 2 39.4 53.9 1:54pm 31.4 7:39am 36 0 0.00 0 1 12:00am WNW1028.41 68 3 42.6 60.9 1:39pm 33.0 7:51am 32 0 0.00 0 1 12:00am W1026.88 65 4 44.1 58.6 12:20pm 35.7 7:01am 31 0 0.00 0 1 12:00am WNW1019.39 62 5 42.0 49.6 11:34am 38.0 5:46am 33 0 0.43 1 1 12:00am W1012.95 75 6 42.4 46.9 11:45pm 40.4 6:19pm 33 0 1.01 1 1 12:00am W1015.55 92 7 49.5 53.6 2:56pm 46.9 12:00am 26 0 0.13 0 1 12:00am W1023.91 93 8 51.2 59.0 3:07pm 43.5 7:27am 24 0 0.01 0 1 12:00am SSW1020.50 80 9 50.5 54.3 2:43pm 47.6 11:39pm 24 0 0.96 0 1 12:00am SSW1022.04 89 10 48.9 62.6 1:45pm 41.5 8:03am 26 0 0.01 0 1 12:00am W1024.30 84 11 46.9 62.3 2:25pm 38.2 6:36am 28 0 0.00 0 1 12:00am WNW1018.71 77 12 48.1 62.5 1:40pm 40.0 5:35am 27 0 0.00 0 1 12:00am W1019.53 70 13 47.4 61.0 1:37pm 39.2 7:50am 28 0 0.00 0 1 12:00am NW1020.54 71 14 46.1 54.9 1:44pm 40.2 5:36am 29 0 0.16 0 1 12:00am S1017.31 64 15 45.1 47.8 11:44pm 41.8 3:35am 30 0 0.84 0 0 12:00am SSW1014.85 91 16 49.9 55.1 12:48pm 47.6 12:40am 25 0 2.35 1 0 12:00am W1016.04 88 17 48.0 50.0 12:44am 45.9 12:04pm 27 0 0.38 1 0 12:00am W1020.38 93 18 49.3 55.0 3:01pm 44.9 7:25am 26 0 0.02 0 0 12:00am S1030.68 89 19 53.2 65.3 2:04pm 47.6 10:42pm 22 0 0.00 0 0 12:00am WNW1030.15 85 20 48.6 52.4 1:38pm 40.2 11:59pm 26 0 1.07 1 0 12:00am W1020.50 92 21 42.4 51.7 2:08pm 33.9 11:49pm 33 0 0.13 0 0 12:00am W1025.81 86 22 41.3 54.4 12:52pm 31.8 5:22am 34 0 0.00 0 0 12:00am WNW1032.57 73 23 44.6 60.2 1:41pm 35.1 7:45am 30 0 0.00 0 0 12:00am N1032.97 76 24 45.4 60.2 2:09pm 34.7 7:02am 30 0 0.00 0 2 1:30pm WNW1028.20 79 25 48.7 67.6 1:43pm 38.1 5:42am 26 0 0.00 0 1 12:00am NW1027.63 62 26 49.3 65.6 1:50pm 38.9 4:47am 26 0 0.00 0 1 12:00am WNW1029.72 68 27 53.4 72.1 1:55pm 43.2 5:44am 22 1 0.00 0 1 12:00am N1025.36 60 28 50.6 62.6 2:46pm 42.7 6:29am 24 0 0.00 0 1 12:00am WNW1020.99 73 29 53.2 67.6 1:38pm 46.4 11:56pm 22 0 0.00 0 1 12:00am WNW1018.21 77 30 52.5 67.4 1:59pm 45.5 1:44am 23 0 0.00 0 1 12:00am W1016.43 74 31 51.9 66.5 12:05pm 43.4 6:54am 23 0 0.00 0 1 12:00am WNW1015.72 76 --------------------------------------------------------------------------------------- TOT 47.3 72.1 1/27/19 29.1 1/1/19 860 2 7.50 0 2 1/24/19 W1022.67 77 HEAT BASE: 75.0 COOL BASE: 64.0



Contact Us | Mobile
Never base any life decisions on weather information from this site or anywhere over the Internet.
Site is dedicated to our Lord & Savior Jesus Christ | Random Quotes

Copyright © 2019 El Dorado Weather, Inc. | Site Designed By:  El Dorado Weather