Forecast Directory
U.S. Alerts
El Dorado Weather Logo
U.S. Color IR Sat North America Color Background Satellite Thumb
Norcal Dual-Pol Radar Live Northern California Doppler Radar Thumbnail Image
W. Coast IR Satellite West Coast Infrared Satellite
Storm Cell Tracking Live Northern California Radar and Satellite Thumbnail Image
Street Level Radar Live U.S. Google Map Radar Thumbnail Image
Live Lightning Radar Placerville California Lightning Detection Radar Thumbnail Image
Live Streaming Webcam Placerville California Live Streaming WebCam Thumbnail Image
Local Wx Station Data Sacramento, Northern Sierra Nevada & the Motherlode Area Current Weather Conditions
NOAA Climate Report From: Placerville, Ca. (EDWPC)
Archives below starts from 6/22/2006 to the present:
2020: Jan | Feb | Mar | Apr | May | Jun | Jul | Aug | Sep | Oct | Nov | Dec 
2019: Jan | Feb | Mar | Apr | May | Jun | Jul | Aug | Sep | Oct | Nov | Dec 
2018: Jan | Feb | Mar | Apr | May | Jun | Jul | Aug | Sep | Oct | Nov | Dec 
2017: Jan | Feb | Mar | Apr | May | Jun | Jul | Aug | Sep | Oct | Nov | Dec 
2016: Jan | Feb | Mar | Apr | May | Jun | Jul | Aug | Sep | Oct | Nov | Dec 
2015: Jan | Feb | Mar | Apr | May | Jun | Jul | Aug | Sep | Oct | Nov | Dec 
2014: Jan | Feb | Mar | Apr | May | Jun | Jul | Aug | Sep | Oct | Nov | Dec 
2013: Jan | Feb | Mar | Apr | May | Jun | Jul | Aug | Sep | Oct | Nov | Dec 
2012: Jan | Feb | Mar | Apr | May | Jun | Jul | Aug | Sep | Oct | Nov | Dec 
2011: Jan | Feb | Mar | Apr | May | Jun | Jul | Aug | Sep | Oct | Nov | Dec 
2010: Jan | Feb | Mar | Apr | May | Jun | Jul | Aug | Sep | Oct | Nov | Dec 
2009: Jan | Feb | Mar | Apr | May | Jun | Jul | Aug | Sep | Oct | Nov | Dec 
2008: Jan | Feb | Mar | Apr | May | Jun | Jul | Aug | Sep | Oct | Nov | Dec 
2007: Jan | Feb | Mar | Apr | May | Jun | Jul | Aug | Sep | Oct | Nov | Dec 
 2006: Jan | Feb | Mar | Apr | May | Jun | Jul | Aug | Sep | Oct | Nov | Dec 

Report for 2020 08 MONTHLY CLIMATOLOGICAL SUMMARY FOR 8/2020 HEAT COOL MEAN DEG DEG WIND SPEED DOM MEAN MEAN DAY TEMP HIGH TIME LOW TIME DAYS DAYS RAIN AVG HI TIME DIR BAROM HUM --------------------------------------------------------------------------------------- 1 79.0 99.8 3:13pm 60.5 7:27am 4 15 0.00 0 2 12:00am SW1016.19 30 2 79.7 99.0 4:27pm 64.1 3:18am 4 16 0.00 0 2 12:00am WSW1016.48 30 3 80.5 98.3 4:11pm 64.4 7:10am 3 17 0.00 0 2 12:00am WSW1016.06 29 4 77.8 95.9 4:26pm 60.7 7:28am 4 14 0.00 0 2 12:00am WSW1014.19 40 5 71.5 88.6 4:15pm 59.0 7:26am 6 8 0.00 0 2 12:00am WSW1013.53 54 6 69.6 88.4 4:13pm 54.5 6:55am 8 8 0.00 0 2 12:00am SW1013.54 58 7 75.1 93.2 4:37pm 59.4 7:13am 5 12 0.00 0 2 12:00am SW1013.96 47 8 79.5 97.4 4:00pm 65.0 7:06am 3 16 0.00 0 2 12:00am SW1014.44 42 9 82.8 100.4 4:12pm 67.4 7:04am 2 19 0.00 0 2 12:00am SW1013.45 41 10 83.6 101.2 5:04pm 71.3 5:53am 1 20 0.00 0 2 12:00am SW1011.87 39 11 77.2 95.1 5:05pm 62.3 6:50am 4 13 0.00 0 0 12:00am SW1013.01 37 12 79.3 99.2 3:03pm 61.1 6:26am 4 16 0.00 0 0 12:00am SW1013.97 35 13 83.5 101.5 3:02pm 68.1 5:11am 2 20 0.00 0 0 12:00am SW1014.45 28 14 87.7 107.3 5:08pm 72.3 2:41am 0 24 0.00 0 4 6:54pm SW1013.30 28 15 89.1 107.6 2:44pm 73.7 6:01am 0 25 0.00 0 0 12:00am SW1012.68 30 16 90.5 109.9 4:21pm 76.4 4:45am 0 26 0.00 0 0 12:00am SW1013.75 29 17 89.5 106.6 12:17pm 76.9 6:16am 0 25 0.00 0 0 12:00am SW1013.82 32 18 87.5 104.3 4:30pm 74.5 6:00am 0 24 0.00 0 0 12:00am SW1014.76 36 19 84.4 101.4 3:05pm 73.1 7:24am 0 20 0.00 0 0 12:00am SW1013.56 33 20 79.6 96.1 4:35pm 67.8 7:54am 2 16 0.00 0 0 12:00am SW1012.10 27 21 74.2 89.6 4:27pm 64.0 7:08am 4 10 0.00 0 0 12:00am W1012.30 38 22 77.7 94.1 1:46pm 64.4 3:21am 4 14 0.00 0 2 2:09pm SW1012.74 36 23 78.9 97.5 2:37pm 65.9 6:53am 3 15 0.00 0 2 12:00am SW1012.47 35 24 79.6 92.8 4:19pm 67.2 5:56am 2 16 0.00 0 2 12:00am SW1011.71 41 25 78.3 93.4 4:09pm 66.9 7:23am 2 14 0.00 0 3 6:31pm WSW1011.38 48 26 78.3 93.9 4:15pm 66.9 7:41am 3 14 0.00 0 4 7:13pm SW1010.20 47 27 76.8 95.9 4:41pm 61.0 6:31am 4 13 0.00 0 0 12:00am SW1009.92 43 28 78.5 96.3 4:05pm 64.1 7:08am 3 14 0.00 0 0 12:00am SW1009.94 37 29 78.0 95.3 3:35pm 64.8 6:34am 3 14 0.00 0 0 12:00am SW1011.42 36 30 77.3 95.5 2:48pm 64.2 7:31am 4 13 0.00 0 0 12:00am SW1011.13 39 31 77.6 95.1 3:49pm 65.0 3:22am 4 14 0.00 0 0 12:00am SW1010.68 41 --------------------------------------------------------------------------------------- TOT 80.1 109.9 8/16/20 54.5 8/6/20 90 505 0.00 0 4 8/14/20 SW1013.02 38 HEAT BASE: 75.0 COOL BASE: 64.0



Contact Us | Mobile
Never base any life decisions on weather information from this site or anywhere over the Internet.
Site is dedicated to our Lord & Savior Jesus Christ | Random Quotes of Jesus

Copyright © 2020 El Dorado Weather, Inc. | Site Designed By:  El Dorado Weather