Forecast Directory
U.S. Alerts
El Dorado Weather Logo
U.S. Color IR Sat North America Color Background Satellite Thumb
Norcal Dual-Pol Radar Live Northern California Doppler Radar Thumbnail Image
W. Coast IR Satellite West Coast Infrared Satellite
Storm Cell Tracking Live Northern California Radar and Satellite Thumbnail Image
Street Level Radar Live U.S. Google Map Radar Thumbnail Image
Live Lightning Radar Placerville California Lightning Detection Radar Thumbnail Image
Live Streaming Webcam Placerville California Live Streaming WebCam Thumbnail Image
Local Wx Station Data Sacramento, Northern Sierra Nevada & the Motherlode Area Current Weather Conditions
NOAA Climate Report From: Placerville, Ca. (EDWPC)
Archives below starts from 6/22/2006 to the present:
2020: Jan | Feb | Mar | Apr | May | Jun | Jul | Aug | Sep | Oct | Nov | Dec 
2019: Jan | Feb | Mar | Apr | May | Jun | Jul | Aug | Sep | Oct | Nov | Dec 
2018: Jan | Feb | Mar | Apr | May | Jun | Jul | Aug | Sep | Oct | Nov | Dec 
2017: Jan | Feb | Mar | Apr | May | Jun | Jul | Aug | Sep | Oct | Nov | Dec 
2016: Jan | Feb | Mar | Apr | May | Jun | Jul | Aug | Sep | Oct | Nov | Dec 
2015: Jan | Feb | Mar | Apr | May | Jun | Jul | Aug | Sep | Oct | Nov | Dec 
2014: Jan | Feb | Mar | Apr | May | Jun | Jul | Aug | Sep | Oct | Nov | Dec 
2013: Jan | Feb | Mar | Apr | May | Jun | Jul | Aug | Sep | Oct | Nov | Dec 
2012: Jan | Feb | Mar | Apr | May | Jun | Jul | Aug | Sep | Oct | Nov | Dec 
2011: Jan | Feb | Mar | Apr | May | Jun | Jul | Aug | Sep | Oct | Nov | Dec 
2010: Jan | Feb | Mar | Apr | May | Jun | Jul | Aug | Sep | Oct | Nov | Dec 
2009: Jan | Feb | Mar | Apr | May | Jun | Jul | Aug | Sep | Oct | Nov | Dec 
2008: Jan | Feb | Mar | Apr | May | Jun | Jul | Aug | Sep | Oct | Nov | Dec 
2007: Jan | Feb | Mar | Apr | May | Jun | Jul | Aug | Sep | Oct | Nov | Dec 
 2006: Jan | Feb | Mar | Apr | May | Jun | Jul | Aug | Sep | Oct | Nov | Dec 

Report for 2020 07 MONTHLY CLIMATOLOGICAL SUMMARY FOR 7/2020 HEAT COOL MEAN DEG DEG WIND SPEED DOM MEAN MEAN DAY TEMP HIGH TIME LOW TIME DAYS DAYS RAIN AVG HI TIME DIR BAROM HUM --------------------------------------------------------------------------------------- 1 77.0 94.8 4:15pm 62.0 3:40am 4 13 0.00 0 0 12:00am SSE1010.01 36 2 73.7 90.6 5:21pm 58.8 5:42am 6 11 0.00 0 0 12:00am SSE1011.92 43 3 72.9 91.3 5:26pm 56.9 6:47am 7 11 0.00 0 0 12:00am SSE1016.64 43 4 77.0 96.9 5:10pm 60.2 6:17am 5 14 0.00 0 6 3:13pm S1017.52 34 5 79.4 98.7 4:22pm 64.8 2:54am 3 15 0.00 0 6 12:00am SSE1015.33 29 6 76.2 92.6 4:22pm 63.1 7:09am 4 12 0.00 0 6 12:00am SSE1013.38 31 7 72.1 92.1 5:24pm 53.2 6:46am 8 11 0.00 0 6 12:00am SSE1014.36 37 8 77.3 96.6 4:30pm 60.8 2:41am 5 14 0.00 0 6 12:00am S1012.30 33 9 79.3 98.2 4:33pm 64.2 6:16am 4 15 0.00 0 6 12:00am S1012.69 33 10 82.4 100.2 4:22pm 66.9 7:16am 2 18 0.00 0 6 12:00am S1015.71 30 11 84.3 105.2 3:46pm 67.1 7:12am 2 20 0.00 0 6 12:00am S1016.32 28 12 84.4 104.4 3:42pm 67.8 6:29am 2 20 0.00 0 1 12:00am S1013.12 22 13 79.8 98.0 4:18pm 63.7 6:59am 3 16 0.00 0 1 12:00am S1010.99 33 14 78.0 96.0 4:20pm 62.3 7:09am 4 14 0.00 0 1 12:00am SSE1012.47 43 15 78.4 96.6 5:04pm 61.9 7:00am 4 15 0.00 0 1 12:00am S1012.35 46 16 77.5 96.3 3:37pm 62.1 7:00am 4 14 0.00 0 1 12:00am S1012.31 41 17 77.3 95.4 4:37pm 63.5 6:16am 4 13 0.00 0 1 12:00am S1014.32 35 18 80.1 100.9 4:05pm 61.6 6:36am 4 16 0.00 0 1 12:00am S1015.06 41 19 80.8 98.8 4:32pm 65.6 6:47am 3 17 0.00 0 1 12:00am S1014.17 41 20 76.8 94.1 4:57pm 61.2 6:45am 4 13 0.00 0 1 12:00am S1014.44 42 21 75.6 91.3 1:48pm 59.6 6:29am 5 12 0.00 0 1 12:00am SSW1011.60 44 22 75.6 93.1 4:02pm 60.4 6:11am 5 12 0.00 0 1 12:00am SSW1010.44 43 23 75.4 93.8 4:41pm 58.8 6:58am 6 12 0.00 0 1 12:00am SW1012.07 46 24 76.1 93.9 5:07pm 60.7 6:52am 5 12 0.00 0 1 12:00am SW1012.52 43 25 79.5 99.6 4:08pm 64.0 7:02am 4 15 0.00 0 1 12:00am SW1012.88 40 26 81.9 101.6 3:55pm 65.7 6:37am 3 18 0.00 0 1 12:00am SW1013.19 38 27 82.4 99.8 4:43pm 68.1 4:53am 2 18 0.00 0 1 12:00am SW1012.45 33 28 82.9 101.6 3:11pm 67.2 7:20am 2 19 0.00 0 1 12:00am SW1011.85 35 29 82.3 100.7 4:44pm 67.6 6:52am 2 18 0.00 0 1 12:00am WSW1012.84 30 30 81.4 100.8 4:34pm 65.6 5:13am 3 17 0.00 0 1 12:00am SW1015.07 28 31 80.5 99.1 3:20pm 64.9 7:32am 3 16 0.00 0 4 1:59pm WSW1015.69 30 --------------------------------------------------------------------------------------- TOT 78.6 105.2 7/11/20 53.2 7/7/20 118 464 0.00 0 6 7/4/20 S1013.33 37 HEAT BASE: 75.0 COOL BASE: 64.0



Contact Us | Mobile
Never base any life decisions on weather information from this site or anywhere over the Internet.
Site is dedicated to our Lord & Savior Jesus Christ | Random Quotes of Jesus

Copyright © 2020 El Dorado Weather, Inc. | Site Designed By:  El Dorado Weather