Forecast Directory
U.S. Alerts
El Dorado Weather Logo
U.S. Color IR Sat North America Color Background Satellite Thumb
Norcal Dual-Pol Radar Live Northern California Doppler Radar Thumbnail Image
W. Coast IR Satellite West Coast Infrared Satellite
Storm Cell Tracking Live Northern California Radar and Satellite Thumbnail Image
Street Level Radar Live U.S. Google Map Radar Thumbnail Image
Live Lightning Radar Placerville California Lightning Detection Radar Thumbnail Image
Live Streaming Webcam Placerville California Live Streaming WebCam Thumbnail Image
Local Wx Station Data Sacramento, Northern Sierra Nevada & the Motherlode Area Current Weather Conditions
NOAA Climate Report From: Placerville, Ca. (EDWPC)
Archives below starts from 6/22/2006 to the present:
2020: Jan | Feb | Mar | Apr | May | Jun | Jul | Aug | Sep | Oct | Nov | Dec 
2019: Jan | Feb | Mar | Apr | May | Jun | Jul | Aug | Sep | Oct | Nov | Dec 
2018: Jan | Feb | Mar | Apr | May | Jun | Jul | Aug | Sep | Oct | Nov | Dec 
2017: Jan | Feb | Mar | Apr | May | Jun | Jul | Aug | Sep | Oct | Nov | Dec 
2016: Jan | Feb | Mar | Apr | May | Jun | Jul | Aug | Sep | Oct | Nov | Dec 
2015: Jan | Feb | Mar | Apr | May | Jun | Jul | Aug | Sep | Oct | Nov | Dec 
2014: Jan | Feb | Mar | Apr | May | Jun | Jul | Aug | Sep | Oct | Nov | Dec 
2013: Jan | Feb | Mar | Apr | May | Jun | Jul | Aug | Sep | Oct | Nov | Dec 
2012: Jan | Feb | Mar | Apr | May | Jun | Jul | Aug | Sep | Oct | Nov | Dec 
2011: Jan | Feb | Mar | Apr | May | Jun | Jul | Aug | Sep | Oct | Nov | Dec 
2010: Jan | Feb | Mar | Apr | May | Jun | Jul | Aug | Sep | Oct | Nov | Dec 
2009: Jan | Feb | Mar | Apr | May | Jun | Jul | Aug | Sep | Oct | Nov | Dec 
2008: Jan | Feb | Mar | Apr | May | Jun | Jul | Aug | Sep | Oct | Nov | Dec 
2007: Jan | Feb | Mar | Apr | May | Jun | Jul | Aug | Sep | Oct | Nov | Dec 
 2006: Jan | Feb | Mar | Apr | May | Jun | Jul | Aug | Sep | Oct | Nov | Dec 

Report for 2020 06 MONTHLY CLIMATOLOGICAL SUMMARY FOR 6/2020 HEAT COOL MEAN DEG DEG WIND SPEED DOM MEAN MEAN DAY TEMP HIGH TIME LOW TIME DAYS DAYS RAIN AVG HI TIME DIR BAROM HUM --------------------------------------------------------------------------------------- 1 69.1 84.8 4:05pm 57.6 5:55am 8 7 0.00 0 0 12:00am SE1017.01 62 2 75.1 95.3 5:07pm 58.0 6:38am 6 12 0.00 0 0 12:00am SE1016.80 53 3 79.6 99.7 4:19pm 64.0 6:43am 4 16 0.00 0 0 12:00am SE1015.51 41 4 81.0 101.8 3:52pm 65.8 5:59am 3 17 0.00 0 0 12:00am SE1009.37 32 5 67.5 83.0 2:52pm 53.7 11:59pm 9 6 0.00 1 0 12:00am SSE1008.08 47 6 59.8 73.2 2:45pm 49.3 6:16am 15 2 0.00 1 0 12:00am SSE1014.80 54 7 57.4 72.2 4:41pm 45.6 5:41am 18 1 0.00 0 0 12:00am SE1020.41 51 8 61.9 81.3 3:15pm 43.9 6:54am 14 5 0.00 0 0 12:00am SE1023.30 43 9 69.6 89.0 5:14pm 52.2 6:16am 9 9 0.00 0 0 12:00am SE1022.25 42 10 74.1 94.0 4:56pm 58.0 5:41am 6 12 0.00 0 0 12:00am SSE1018.25 43 11 76.6 94.7 3:12pm 63.6 7:16am 4 13 0.00 0 0 12:00am SE1016.10 37 12 63.5 73.3 2:47pm 53.7 11:55pm 11 2 0.03 1 4 2:56pm SE1017.61 57 13 60.2 74.3 5:08pm 49.6 5:18am 15 2 0.00 0 4 12:00am SSE1019.81 58 14 65.6 84.2 4:31pm 48.7 5:02am 11 7 0.00 0 4 12:00am SE1017.69 52 15 68.0 81.4 2:58pm 56.8 4:35am 8 6 0.00 0 4 12:00am SE1016.48 51 16 64.1 81.1 4:23pm 50.3 6:53am 12 5 0.00 0 4 12:00am SE1016.53 51 17 67.9 88.3 5:08pm 48.5 6:52am 10 8 0.00 0 4 12:00am SE1015.79 42 18 74.4 94.5 4:42pm 55.7 5:51am 7 12 0.00 0 4 12:00am SE1013.90 31 19 78.1 97.0 5:06pm 61.7 6:34am 4 14 0.00 0 4 12:00am SSE1012.61 34 20 77.9 95.9 5:25pm 64.0 7:25am 4 14 0.00 0 4 12:00am SE1014.40 40 21 78.4 96.6 3:15pm 63.5 3:30am 4 14 0.00 0 4 12:00am SSE1013.98 42 22 80.2 100.0 4:52pm 63.6 4:57am 3 16 0.00 0 4 12:00am SSE1013.63 45 23 82.4 101.4 4:38pm 66.7 7:19am 2 18 0.00 0 0 12:00am SSE1012.02 45 24 81.7 101.7 4:12pm 64.2 6:37am 3 18 0.00 0 0 12:00am SE1009.17 44 25 83.4 101.6 4:30pm 68.2 7:10am 2 19 0.00 0 0 12:00am SE1008.09 44 26 85.1 103.0 5:04pm 70.4 5:21am 1 21 0.00 0 0 12:00am SE1010.24 44 27 81.7 99.2 3:05pm 68.3 4:44am 2 18 0.00 1 0 12:00am SSE1009.27 45 28 69.5 83.6 5:19pm 57.4 6:02am 7 7 0.00 1 0 12:00am SE1006.52 49 29 70.3 87.8 4:44pm 54.0 6:49am 8 9 0.00 0 0 12:00am SE1011.38 43 30 74.4 92.7 4:23pm 58.7 6:00am 6 11 0.00 0 0 12:00am SSE1013.63 38 --------------------------------------------------------------------------------------- TOT 72.6 103.0 6/26/20 43.9 6/8/20 214 323 0.03 0 4 6/12/20 SE1014.51 45 HEAT BASE: 75.0 COOL BASE: 64.0



Contact Us | Mobile
Never base any life decisions on weather information from this site or anywhere over the Internet.
Site is dedicated to our Lord & Savior Jesus Christ | Random Quotes of Jesus

Copyright © 2020 El Dorado Weather, Inc. | Site Designed By:  El Dorado Weather