Forecast Directory
U.S. Alerts
El Dorado Weather Logo
U.S. Color IR Sat North America Color Background Satellite Thumb
Norcal Dual-Pol Radar Live Northern California Doppler Radar Thumbnail Image
W. Coast IR Satellite West Coast Infrared Satellite
Storm Cell Tracking Live Northern California Radar and Satellite Thumbnail Image
Street Level Radar Live U.S. Google Map Radar Thumbnail Image
Live Lightning Radar Placerville California Lightning Detection Radar Thumbnail Image
Live Streaming Webcam Placerville California Live Streaming WebCam Thumbnail Image
Local Wx Station Data Sacramento, Northern Sierra Nevada & the Motherlode Area Current Weather Conditions

NOAA Climate Report From: Placerville, Ca. Weather Station (EDWPC)

Archives below start from 6/22/2006 to the present:
2020: Jan | Feb | Mar | Apr | May | Jun | Jul | Aug | Sep | Oct | Nov | Dec 
2019: Jan | Feb | Mar | Apr | May | Jun | Jul | Aug | Sep | Oct | Nov | Dec 
2018: Jan | Feb | Mar | Apr | May | Jun | Jul | Aug | Sep | Oct | Nov | Dec 
2017: Jan | Feb | Mar | Apr | May | Jun | Jul | Aug | Sep | Oct | Nov | Dec 
2016: Jan | Feb | Mar | Apr | May | Jun | Jul | Aug | Sep | Oct | Nov | Dec 
2015: Jan | Feb | Mar | Apr | May | Jun | Jul | Aug | Sep | Oct | Nov | Dec 
2014: Jan | Feb | Mar | Apr | May | Jun | Jul | Aug | Sep | Oct | Nov | Dec 
2013: Jan | Feb | Mar | Apr | May | Jun | Jul | Aug | Sep | Oct | Nov | Dec 
2012: Jan | Feb | Mar | Apr | May | Jun | Jul | Aug | Sep | Oct | Nov | Dec 
2011: Jan | Feb | Mar | Apr | May | Jun | Jul | Aug | Sep | Oct | Nov | Dec 
2010: Jan | Feb | Mar | Apr | May | Jun | Jul | Aug | Sep | Oct | Nov | Dec 
2009: Jan | Feb | Mar | Apr | May | Jun | Jul | Aug | Sep | Oct | Nov | Dec 
2008: Jan | Feb | Mar | Apr | May | Jun | Jul | Aug | Sep | Oct | Nov | Dec 
2007: Jan | Feb | Mar | Apr | May | Jun | Jul | Aug | Sep | Oct | Nov | Dec 
 2006: Jan | Feb | Mar | Apr | May | Jun | Jul | Aug | Sep | Oct | Nov | Dec 

Report for 2020 04 MONTHLY CLIMATOLOGICAL SUMMARY FOR 4/2020 HEAT COOL MEAN DEG DEG WIND SPEED DOM MEAN MEAN DAY TEMP HIGH TIME LOW TIME DAYS DAYS RAIN AVG HI TIME DIR BAROM HUM --------------------------------------------------------------------------------------- 1 50.3 62.9 4:19pm 37.5 11:57pm 25 0 0.00 0 2 12:00am ESE1017.42 68 2 48.0 66.5 3:50pm 34.6 6:45am 27 0 0.00 0 2 12:00am ESE1020.32 49 3 50.4 67.2 2:51pm 38.7 7:57am 25 0 0.00 0 2 12:00am ESE1019.15 49 4 44.9 51.4 12:48pm 37.8 5:47am 30 0 0.55 0 2 12:00am N1014.49 79 5 44.3 48.1 1:26pm 38.2 9:34pm 31 0 2.10 0 0 12:00am N1008.83 92 6 43.2 50.0 2:00pm 37.7 5:59am 32 0 0.33 0 0 12:00am N1015.28 89 7 49.3 61.1 12:51pm 40.7 5:31am 26 0 0.00 0 0 12:00am ESE1020.64 76 8 50.8 59.3 1:08pm 42.0 1:54am 24 0 0.00 0 0 12:00am SE1016.75 80 9 50.7 54.5 4:25pm 46.4 8:18am 24 0 0.03 0 0 12:00am ESE1020.08 83 10 54.7 66.2 3:07pm 43.2 7:27am 20 0 0.00 0 0 12:00am E1019.65 75 11 55.4 65.9 4:54pm 49.4 7:51am 20 0 0.00 0 0 12:00am ESE1018.57 79 12 56.6 70.6 2:33pm 48.4 5:01am 18 1 0.00 0 0 12:00am E1018.58 78 13 56.9 73.8 4:41pm 46.3 6:00am 18 2 0.00 0 0 12:00am E1021.83 64 14 58.3 77.0 4:35pm 42.5 3:39am 17 3 0.00 0 0 12:00am E1024.82 39 15 60.5 78.6 3:53pm 46.3 7:22am 15 4 0.00 0 0 12:00am E1020.39 49 16 62.9 78.1 4:36pm 49.5 7:43am 13 4 0.00 0 0 12:00am E1014.02 52 17 55.7 67.9 3:28pm 47.0 7:05am 19 0 0.00 0 0 12:00am E1015.26 75 18 52.4 65.0 4:55pm 46.3 11:59pm 23 0 0.00 0 0 12:00am ESE1020.26 77 19 54.3 69.0 4:35pm 43.7 2:49am 21 1 0.00 0 0 12:00am E1020.78 73 20 53.3 66.5 3:27pm 45.1 4:03am 22 0 0.00 0 0 12:00am E1021.65 73 21 57.3 74.4 3:54pm 42.3 6:57am 18 2 0.00 0 0 12:00am E1024.65 68 22 63.1 81.0 4:21pm 48.1 6:56am 13 5 0.00 0 0 12:00am E1026.24 62 23 65.1 82.6 4:08pm 52.7 6:38am 11 6 0.00 0 0 12:00am E1023.49 56 24 68.0 88.4 4:50pm 52.7 7:06am 10 8 0.00 0 0 12:00am E1020.62 52 25 69.9 85.4 4:18pm 59.0 1:17am 8 7 0.00 0 0 12:00am E1018.61 49 26 67.0 82.5 4:28pm 54.5 7:22am 9 6 0.00 0 0 12:00am ESE1018.06 57 27 66.2 84.2 4:05pm 51.2 7:12am 11 6 0.00 0 0 12:00am ESE1020.49 57 28 69.9 89.0 4:10pm 54.3 7:05am 9 9 0.00 0 0 12:00am ESE1019.26 56 29 67.7 78.7 12:10pm 57.1 11:58pm 8 5 0.00 0 0 12:00am SE1017.34 65 30 63.9 79.9 4:29pm 51.4 6:31am 12 4 0.00 0 0 12:00am SE1019.50 58 --------------------------------------------------------------------------------------- TOT 57.0 89.0 4/28/20 34.6 4/2/20 555 74 3.01 0 2 4/1/20 E1019.20 66 HEAT BASE: 75.0 COOL BASE: 64.0



Contact Us | Mobile
Never base any life decisions on weather information from this site or anywhere over the Internet.
Site is dedicated to our Lord & Savior Jesus Christ | Random Quotes of Jesus

Copyright © 2020 El Dorado Weather, Inc. | Site Designed By:  El Dorado Weather