Forecast Directory
U.S. Alerts
El Dorado Weather Logo
U.S. Color IR Sat North America Color Background Satellite Thumb
Norcal Dual-Pol Radar Live Northern California Doppler Radar Thumbnail Image
W. Coast IR Satellite West Coast Infrared Satellite
Storm Cell Tracking Live Northern California Radar and Satellite Thumbnail Image
Street Level Radar Live U.S. Google Map Radar Thumbnail Image
Live Lightning Radar Placerville California Lightning Detection Radar Thumbnail Image
Live Streaming Webcam Placerville California Live Streaming WebCam Thumbnail Image
Local Wx Station Data Sacramento, Northern Sierra Nevada & the Motherlode Area Current Weather Conditions
NOAA Climate Report From: Placerville, Ca. (EDWPC)
Archives below starts from 6/22/2006 to the present:
2020: Jan | Feb | Mar | Apr | May | Jun | Jul | Aug | Sep | Oct | Nov | Dec 
2019: Jan | Feb | Mar | Apr | May | Jun | Jul | Aug | Sep | Oct | Nov | Dec 
2018: Jan | Feb | Mar | Apr | May | Jun | Jul | Aug | Sep | Oct | Nov | Dec 
2017: Jan | Feb | Mar | Apr | May | Jun | Jul | Aug | Sep | Oct | Nov | Dec 
2016: Jan | Feb | Mar | Apr | May | Jun | Jul | Aug | Sep | Oct | Nov | Dec 
2015: Jan | Feb | Mar | Apr | May | Jun | Jul | Aug | Sep | Oct | Nov | Dec 
2014: Jan | Feb | Mar | Apr | May | Jun | Jul | Aug | Sep | Oct | Nov | Dec 
2013: Jan | Feb | Mar | Apr | May | Jun | Jul | Aug | Sep | Oct | Nov | Dec 
2012: Jan | Feb | Mar | Apr | May | Jun | Jul | Aug | Sep | Oct | Nov | Dec 
2011: Jan | Feb | Mar | Apr | May | Jun | Jul | Aug | Sep | Oct | Nov | Dec 
2010: Jan | Feb | Mar | Apr | May | Jun | Jul | Aug | Sep | Oct | Nov | Dec 
2009: Jan | Feb | Mar | Apr | May | Jun | Jul | Aug | Sep | Oct | Nov | Dec 
2008: Jan | Feb | Mar | Apr | May | Jun | Jul | Aug | Sep | Oct | Nov | Dec 
2007: Jan | Feb | Mar | Apr | May | Jun | Jul | Aug | Sep | Oct | Nov | Dec 
 2006: Jan | Feb | Mar | Apr | May | Jun | Jul | Aug | Sep | Oct | Nov | Dec 

Report for 2020 03 MONTHLY CLIMATOLOGICAL SUMMARY FOR 3/2020 HEAT COOL MEAN DEG DEG WIND SPEED DOM MEAN MEAN DAY TEMP HIGH TIME LOW TIME DAYS DAYS RAIN AVG HI TIME DIR BAROM HUM --------------------------------------------------------------------------------------- 1 45.0 56.8 3:59pm 38.6 9:28pm 30 0 0.01 0 3 12:00am NW1017.76 66 2 52.6 72.5 2:24pm 35.6 6:50am 22 1 0.00 0 3 12:00am ESE1019.72 35 3 54.8 73.5 2:43pm 40.7 6:45am 20 2 0.00 0 3 12:00am E1019.69 51 4 57.9 77.8 3:54pm 43.8 7:09am 17 3 0.00 0 3 12:00am E1021.51 50 5 58.5 77.2 2:16pm 45.9 7:02am 17 3 0.00 0 3 12:00am ENE1021.70 54 6 51.6 66.3 2:32pm 43.1 4:33am 23 0 0.00 0 3 12:00am E1017.46 76 7 45.8 51.1 2:52pm 43.1 11:53pm 29 0 0.48 0 3 12:00am ENE1016.78 88 8 46.7 51.2 5:14pm 43.1 12:00am 27 0 0.06 0 3 12:00am ENE1018.99 89 9 50.9 65.1 4:05pm 41.3 8:09am 24 0 0.00 0 3 12:00am E1022.08 72 10 55.8 73.8 1:57pm 42.5 6:51am 19 2 0.00 0 3 12:00am ENE1019.35 61 11 56.0 71.1 3:12pm 44.2 7:38am 19 1 0.00 0 3 12:00am E1019.73 64 12 58.2 76.9 4:17pm 43.4 8:04am 17 3 0.00 0 3 12:00am E1012.96 62 13 54.7 69.6 3:29pm 43.9 8:17am 20 1 0.00 1 3 12:00am E1009.39 63 14 44.3 50.2 11:48am 42.0 5:56pm 31 0 1.60 1 3 12:00am E1016.88 89 15 41.1 43.8 2:40pm 36.5 11:54pm 34 0 2.88 1 3 12:00am ENE1017.97 92 16 37.7 41.7 4:13pm 34.2 2:02am 37 0 0.98 0 3 12:00am E1017.24 92 17 40.9 50.1 1:44pm 33.9 7:02am 34 0 0.03 0 0 12:00am E1018.17 83 18 42.7 51.5 2:48pm 36.7 11:57pm 32 0 0.02 0 0 12:00am E1015.64 80 19 44.3 56.6 12:43pm 33.7 5:42am 31 0 0.02 0 0 12:00am ESE1019.92 76 20 47.1 60.4 12:49pm 36.0 7:29am 28 0 0.01 0 0 12:00am E1025.54 73 21 50.1 64.5 4:46pm 38.6 7:08am 25 0 0.00 0 0 12:00am ESE1023.84 69 22 51.5 65.9 12:55pm 40.5 4:10am 23 0 0.00 0 0 12:00am E1021.16 65 23 48.6 56.3 2:11pm 43.3 1:47am 26 0 0.01 0 0 12:00am E1021.30 78 24 45.4 53.5 2:06pm 41.1 7:25am 30 0 0.19 0 0 12:00am ESE1023.28 82 25 44.2 54.5 3:13pm 37.8 11:56pm 31 0 0.00 0 2 1:46pm ESE1020.70 77 26 40.0 52.9 3:40pm 33.7 4:22am 35 0 0.17 0 2 12:00am E1020.90 82 27 44.1 60.2 3:47pm 32.9 4:53am 31 0 0.00 0 2 12:00am E1023.66 71 28 45.1 51.9 12:34pm 38.3 6:39am 30 0 0.19 0 2 12:00am ESE1025.40 82 29 49.7 62.1 3:45pm 43.7 7:32am 25 0 0.08 0 2 12:00am E1023.38 77 30 50.3 60.9 1:50pm 42.1 1:26am 25 0 0.00 0 2 12:00am ESE1028.19 77 31 55.3 70.5 4:21pm 45.8 2:02am 20 1 0.00 0 2 12:00am E1024.01 72 --------------------------------------------------------------------------------------- TOT 48.7 77.8 3/4/20 32.9 3/27/20 813 18 6.73 0 3 3/1/20 E1020.13 72 HEAT BASE: 75.0 COOL BASE: 64.0



Contact Us | Mobile
Never base any life decisions on weather information from this site or anywhere over the Internet.
Site is dedicated to our Lord & Savior Jesus Christ | Random Quotes of Jesus

Copyright © 2020 El Dorado Weather, Inc. | Site Designed By:  El Dorado Weather