Forecast Directory
U.S. Alerts
El Dorado Weather Logo
U.S. Color IR Sat North America Color Background Satellite Thumb
Norcal Dual-Pol Radar Live Northern California Doppler Radar Thumbnail Image
W. Coast IR Satellite West Coast Infrared Satellite
Storm Cell Tracking Live Northern California Radar and Satellite Thumbnail Image
Street Level Radar Live U.S. Google Map Radar Thumbnail Image
Live Lightning Radar Placerville California Lightning Detection Radar Thumbnail Image
Live Streaming Webcam Placerville California Live Streaming WebCam Thumbnail Image
Local Wx Station Data Sacramento, Northern Sierra Nevada & the Motherlode Area Current Weather Conditions

NOAA Climate Report From: Placerville, Ca. Weather Station (EDWPC)

Archives below start from 6/22/2006 to the present:
2020: Jan | Feb | Mar | Apr | May | Jun | Jul | Aug | Sep | Oct | Nov | Dec 
2019: Jan | Feb | Mar | Apr | May | Jun | Jul | Aug | Sep | Oct | Nov | Dec 
2018: Jan | Feb | Mar | Apr | May | Jun | Jul | Aug | Sep | Oct | Nov | Dec 
2017: Jan | Feb | Mar | Apr | May | Jun | Jul | Aug | Sep | Oct | Nov | Dec 
2016: Jan | Feb | Mar | Apr | May | Jun | Jul | Aug | Sep | Oct | Nov | Dec 
2015: Jan | Feb | Mar | Apr | May | Jun | Jul | Aug | Sep | Oct | Nov | Dec 
2014: Jan | Feb | Mar | Apr | May | Jun | Jul | Aug | Sep | Oct | Nov | Dec 
2013: Jan | Feb | Mar | Apr | May | Jun | Jul | Aug | Sep | Oct | Nov | Dec 
2012: Jan | Feb | Mar | Apr | May | Jun | Jul | Aug | Sep | Oct | Nov | Dec 
2011: Jan | Feb | Mar | Apr | May | Jun | Jul | Aug | Sep | Oct | Nov | Dec 
2010: Jan | Feb | Mar | Apr | May | Jun | Jul | Aug | Sep | Oct | Nov | Dec 
2009: Jan | Feb | Mar | Apr | May | Jun | Jul | Aug | Sep | Oct | Nov | Dec 
2008: Jan | Feb | Mar | Apr | May | Jun | Jul | Aug | Sep | Oct | Nov | Dec 
2007: Jan | Feb | Mar | Apr | May | Jun | Jul | Aug | Sep | Oct | Nov | Dec 
 2006: Jan | Feb | Mar | Apr | May | Jun | Jul | Aug | Sep | Oct | Nov | Dec 

Report for 2019 12 MONTHLY CLIMATOLOGICAL SUMMARY FOR 12/2019 HEAT COOL MEAN DEG DEG WIND SPEED DOM MEAN MEAN DAY TEMP HIGH TIME LOW TIME DAYS DAYS RAIN AVG HI TIME DIR BAROM HUM --------------------------------------------------------------------------------------- 1 48.5 50.7 11:58am 45.4 12:00am 27 0 1.95 1 0 12:00am WSW1017.48 91 2 49.2 51.5 11:19am 46.5 11:59pm 26 0 0.69 0 0 12:00am WSW1022.60 91 3 51.7 65.8 12:48pm 45.2 7:56am 23 0 0.00 0 0 12:00am N1021.10 84 4 49.2 51.1 1:32pm 46.6 2:19am 26 0 0.63 0 0 12:00am N1015.90 92 5 49.7 59.9 1:49pm 42.7 7:54am 25 0 0.00 0 0 12:00am WSW1021.63 85 6 52.4 65.2 1:59pm 42.9 7:39am 23 0 0.30 0 0 12:00am W1020.45 73 7 52.9 59.6 12:43pm 49.1 5:48pm 22 0 1.63 1 0 12:00am NNW1017.34 88 8 49.6 57.0 2:20pm 42.7 11:55pm 25 0 0.61 0 0 12:00am N1019.99 90 9 46.3 59.6 2:10pm 38.0 6:36am 29 0 0.01 0 0 12:00am NNW1024.95 82 10 47.0 58.6 1:53pm 40.0 1:35am 28 0 0.01 0 0 12:00am NNW1027.60 84 11 49.3 55.3 12:41pm 44.0 7:40am 26 0 0.25 0 0 12:00am W1027.17 86 12 53.3 57.2 2:27pm 50.6 12:37am 22 0 0.06 0 0 12:00am W1028.47 91 13 50.9 52.6 1:04pm 49.3 10:10pm 24 0 0.35 0 0 12:00am NNW1024.76 93 14 47.1 53.2 2:08pm 42.1 11:46pm 28 0 0.10 0 0 12:00am NNW1020.00 89 15 41.5 53.8 2:29pm 34.7 11:56pm 34 0 0.00 0 0 12:00am N1025.62 83 16 40.8 57.0 2:26pm 31.7 8:12am 34 0 0.00 0 0 12:00am NNW1030.52 73 17 42.5 55.5 1:39pm 35.6 2:25am 32 0 0.00 0 0 12:00am SW1026.71 63 18 47.3 53.1 2:45pm 38.9 12:00am 28 0 0.08 1 0 12:00am NW1021.13 62 19 47.8 60.0 2:37pm 41.5 11:44pm 27 0 0.00 0 0 12:00am NNW1026.47 73 20 47.4 62.0 1:24pm 39.3 7:30am 28 0 0.00 0 0 12:00am NNW1027.00 73 21 50.3 62.2 1:31pm 43.2 1:07am 25 0 0.00 0 0 12:00am WNW1018.77 57 22 46.7 54.2 8:11am 43.5 10:55am 28 0 0.38 1 22 8:24am W1012.27 70 23 45.5 54.9 2:48pm 40.2 11:56pm 30 0 0.01 0 16 12:00am N1014.62 88 24 40.8 48.4 1:19pm 35.3 7:23am 34 0 0.00 0 16 12:00am NNE1016.20 84 25 41.7 49.0 12:08pm 37.7 11:26pm 33 0 0.01 0 16 12:00am NNE1014.51 80 26 42.9 55.5 1:23pm 36.2 7:02am 32 0 0.00 0 16 12:00am ENE1015.88 69 27 40.8 56.2 1:59pm 31.6 8:07am 34 0 0.00 0 16 12:00am NE1021.02 66 28 40.7 56.3 2:10pm 31.9 2:43am 34 0 0.00 0 16 12:00am NNE1024.51 73 29 43.9 50.2 2:08pm 36.9 12:35am 31 0 0.00 0 16 12:00am NNE1022.84 79 30 43.7 58.4 1:57pm 35.1 7:24am 31 0 0.00 0 16 12:00am N1022.65 77 31 44.2 57.1 1:35pm 34.5 7:57am 31 0 0.00 0 16 12:00am NNE1024.39 76 --------------------------------------------------------------------------------------- TOT 46.6 65.8 12/3/19 31.6 12/27/19 879 0 7.07 0 22 12/22/19 NNW1021.73 80 HEAT BASE: 75.0 COOL BASE: 64.0



Contact Us | Mobile
Never base any life decisions on weather information from this site or anywhere over the Internet.
Site is dedicated to our Lord & Savior Jesus Christ | Random Quotes of Jesus

Copyright © 2020 El Dorado Weather, Inc. | Site Designed By:  El Dorado Weather