Forecast Directory
U.S. Alerts
El Dorado Weather Logo
U.S. Color IR Sat North America Color Background Satellite Thumb
Norcal Dual-Pol Radar Live Northern California Doppler Radar Thumbnail Image
W. Coast IR Satellite West Coast Infrared Satellite
Storm Cell Tracking Live Northern California Radar and Satellite Thumbnail Image
Street Level Radar Live U.S. Google Map Radar Thumbnail Image
Live Lightning Radar Placerville California Lightning Detection Radar Thumbnail Image
Live Streaming Webcam Placerville California Live Streaming WebCam Thumbnail Image
Local Wx Station Data Sacramento, Northern Sierra Nevada & the Motherlode Area Current Weather Conditions

NOAA Climate Report From: Placerville, Ca. Weather Station (EDWPC)

Archives below start from 6/22/2006 to the present:
2019: Jan | Feb | Mar | Apr | May | Jun | Jul | Aug | Sep | Oct | Nov | Dec 
2018: Jan | Feb | Mar | Apr | May | Jun | Jul | Aug | Sep | Oct | Nov | Dec 
2017: Jan | Feb | Mar | Apr | May | Jun | Jul | Aug | Sep | Oct | Nov | Dec 
2016: Jan | Feb | Mar | Apr | May | Jun | Jul | Aug | Sep | Oct | Nov | Dec 
2015: Jan | Feb | Mar | Apr | May | Jun | Jul | Aug | Sep | Oct | Nov | Dec 
2014: Jan | Feb | Mar | Apr | May | Jun | Jul | Aug | Sep | Oct | Nov | Dec 
2013: Jan | Feb | Mar | Apr | May | Jun | Jul | Aug | Sep | Oct | Nov | Dec 
2012: Jan | Feb | Mar | Apr | May | Jun | Jul | Aug | Sep | Oct | Nov | Dec 
2011: Jan | Feb | Mar | Apr | May | Jun | Jul | Aug | Sep | Oct | Nov | Dec 
2010: Jan | Feb | Mar | Apr | May | Jun | Jul | Aug | Sep | Oct | Nov | Dec 
2009: Jan | Feb | Mar | Apr | May | Jun | Jul | Aug | Sep | Oct | Nov | Dec 
2008: Jan | Feb | Mar | Apr | May | Jun | Jul | Aug | Sep | Oct | Nov | Dec 
2007: Jan | Feb | Mar | Apr | May | Jun | Jul | Aug | Sep | Oct | Nov | Dec 
 2006: Jan | Feb | Mar | Apr | May | Jun | Jul | Aug | Sep | Oct | Nov | Dec 

Report for 2019 05 MONTHLY CLIMATOLOGICAL SUMMARY FOR 5/2019 HEAT COOL MEAN DEG DEG WIND SPEED DOM MEAN MEAN DAY TEMP HIGH TIME LOW TIME DAYS DAYS RAIN AVG HI TIME DIR BAROM HUM --------------------------------------------------------------------------------------- 1 58.8 77.4 4:00pm 44.2 5:51am 16 3 0.00 0 2 12:00am E1018.67 50 2 63.2 81.2 3:21pm 50.1 12:58am 13 5 0.00 0 2 12:00am E1018.36 45 3 65.2 83.5 4:36pm 50.8 2:00am 12 6 0.00 0 2 12:00am ENE1016.35 46 4 65.3 84.2 4:46pm 50.5 5:35am 11 6 0.00 0 2 12:00am E1013.48 46 5 58.5 74.3 2:44pm 45.9 7:14am 17 2 0.00 0 2 12:00am E1011.47 58 6 55.3 67.9 2:56pm 45.7 4:57am 20 0 0.00 0 2 12:00am E1014.71 71 7 59.9 78.5 4:59pm 44.5 6:35am 15 4 0.00 0 2 12:00am ENE1019.05 68 8 64.0 81.8 3:48pm 48.9 7:02am 12 5 0.00 0 2 12:00am E1015.76 67 9 62.7 77.9 5:10pm 51.3 6:51am 13 3 0.00 0 2 12:00am E1009.89 72 10 64.9 82.0 12:40pm 48.6 4:01am 12 6 0.00 0 2 12:00am E1011.29 56 11 65.0 83.0 4:57pm 50.3 6:15am 11 6 0.00 0 4 11:31am E1015.72 61 12 67.8 85.3 4:13pm 53.9 6:27am 9 7 0.00 0 4 12:00am E1015.63 58 13 65.6 83.3 3:00pm 50.2 6:49am 11 6 0.00 0 4 12:00am E1017.34 50 14 62.6 78.1 1:56pm 50.3 6:16am 13 3 0.00 0 4 12:00am E1017.76 59 15 57.5 64.1 5:27pm 52.2 7:40am 17 0 0.49 0 4 12:00am N1012.44 79 16 49.4 55.3 12:17pm 45.9 11:31pm 26 0 1.42 0 4 12:00am N1014.31 89 17 52.0 65.8 5:09pm 45.4 5:25am 23 0 0.13 0 4 12:00am ESE1021.92 79 18 49.7 58.6 12:05pm 43.4 6:16am 25 0 0.28 0 4 12:00am N1016.27 83 19 48.2 55.3 3:21pm 43.7 10:26pm 27 0 0.65 0 4 12:00am NNE1012.68 85 20 52.0 65.6 5:01pm 38.8 6:18am 23 0 0.00 0 4 12:00am ESE1017.33 71 21 48.2 56.2 2:20pm 44.7 11:55pm 27 0 1.11 0 1 12:00am NNE1014.66 89 22 54.1 64.9 1:18pm 44.5 2:31am 21 0 0.01 0 1 12:00am SE1012.01 81 23 56.3 69.5 2:06pm 48.6 6:03am 19 0 0.31 0 1 12:00am N1012.60 81 24 59.0 73.3 4:59pm 47.3 6:40am 16 2 0.00 0 1 12:00am ESE1017.78 79 25 59.5 73.9 5:06pm 49.0 6:33am 16 2 0.00 0 1 12:00am ESE1011.58 73 26 49.6 56.8 3:57pm 44.4 11:35pm 25 0 0.41 0 1 12:00am ESE1012.70 83 27 53.2 64.8 5:15pm 44.4 12:00am 22 0 0.00 0 1 12:00am ESE1020.31 76 28 60.1 77.7 5:07pm 47.4 5:32am 15 3 0.00 0 1 12:00am SE1017.93 74 29 67.1 83.8 4:38pm 54.5 7:11am 9 6 0.00 0 1 12:00am SE1013.89 66 30 68.0 84.6 4:57pm 55.2 5:48am 9 7 0.00 0 1 12:00am SE1013.55 61 31 68.6 86.7 4:36pm 53.8 6:32am 9 7 0.00 0 1 12:00am SE1013.31 56 --------------------------------------------------------------------------------------- TOT 59.1 86.7 5/31/19 38.8 5/20/19 512 90 4.81 0 4 5/11/19 E1015.18 68 HEAT BASE: 75.0 COOL BASE: 64.0



Contact Us | Mobile
Never base any life decisions on weather information from this site or anywhere over the Internet.
Site is dedicated to our Lord & Savior Jesus Christ | Random Jesus Quotes

Copyright © 2019 El Dorado Weather, Inc. | Site Designed By:  El Dorado Weather