Forecast Directory
U.S. Alerts
El Dorado Weather Logo
U.S. Color IR Sat North America Color Background Satellite Thumb
Norcal Dual-Pol Radar Live Northern California Doppler Radar Thumbnail Image
W. Coast IR Satellite West Coast Infrared Satellite
Storm Cell Tracking Live Northern California Radar and Satellite Thumbnail Image
Street Level Radar Live U.S. Google Map Radar Thumbnail Image
Live Lightning Radar Placerville California Lightning Detection Radar Thumbnail Image
Live Streaming Webcam Placerville California Live Streaming WebCam Thumbnail Image
Local Wx Station Data Sacramento, Northern Sierra Nevada & the Motherlode Area Current Weather Conditions

NOAA Climate Report From: Placerville, Ca. Weather Station (EDWPC)

Archives below start from 6/22/2006 to the present:
2019: Jan | Feb | Mar | Apr | May | Jun | Jul | Aug | Sep | Oct | Nov | Dec 
2018: Jan | Feb | Mar | Apr | May | Jun | Jul | Aug | Sep | Oct | Nov | Dec 
2017: Jan | Feb | Mar | Apr | May | Jun | Jul | Aug | Sep | Oct | Nov | Dec 
2016: Jan | Feb | Mar | Apr | May | Jun | Jul | Aug | Sep | Oct | Nov | Dec 
2015: Jan | Feb | Mar | Apr | May | Jun | Jul | Aug | Sep | Oct | Nov | Dec 
2014: Jan | Feb | Mar | Apr | May | Jun | Jul | Aug | Sep | Oct | Nov | Dec 
2013: Jan | Feb | Mar | Apr | May | Jun | Jul | Aug | Sep | Oct | Nov | Dec 
2012: Jan | Feb | Mar | Apr | May | Jun | Jul | Aug | Sep | Oct | Nov | Dec 
2011: Jan | Feb | Mar | Apr | May | Jun | Jul | Aug | Sep | Oct | Nov | Dec 
2010: Jan | Feb | Mar | Apr | May | Jun | Jul | Aug | Sep | Oct | Nov | Dec 
2009: Jan | Feb | Mar | Apr | May | Jun | Jul | Aug | Sep | Oct | Nov | Dec 
2008: Jan | Feb | Mar | Apr | May | Jun | Jul | Aug | Sep | Oct | Nov | Dec 
2007: Jan | Feb | Mar | Apr | May | Jun | Jul | Aug | Sep | Oct | Nov | Dec 
 2006: Jan | Feb | Mar | Apr | May | Jun | Jul | Aug | Sep | Oct | Nov | Dec 

Report for 2019 04 MONTHLY CLIMATOLOGICAL SUMMARY FOR 4/2019 HEAT COOL MEAN DEG DEG WIND SPEED DOM MEAN MEAN DAY TEMP HIGH TIME LOW TIME DAYS DAYS RAIN AVG HI TIME DIR BAROM HUM --------------------------------------------------------------------------------------- 1 56.1 71.4 12:37pm 49.3 6:17am 19 1 0.31 0 0 12:00am NNW1018.62 70 2 51.6 57.2 3:55pm 49.9 11:25pm 23 0 0.55 0 0 12:00am NNW1015.59 90 3 54.2 62.3 2:28pm 48.6 8:15am 21 0 0.00 0 0 12:00am NNW1019.91 82 4 52.7 58.4 11:39am 48.7 3:09am 22 0 0.00 0 1 2:03pm NNW1019.44 83 5 49.7 55.4 12:07pm 44.7 6:40am 25 0 0.11 0 1 12:00am N1019.75 87 6 55.3 67.5 3:12pm 45.1 2:51am 20 0 0.00 0 1 12:00am N1023.10 76 7 60.9 76.0 4:02pm 48.5 6:54am 14 3 0.00 0 9 1:06pm NNW1027.42 72 8 60.2 72.7 1:23pm 51.0 6:27am 15 2 0.07 0 3 12:00am N1024.97 76 9 52.5 64.7 1:47pm 42.3 11:55pm 22 0 0.07 0 3 12:00am N1024.94 76 10 51.7 70.7 3:49pm 35.7 6:52am 23 1 0.00 0 3 12:00am NE1027.08 60 11 52.0 65.3 3:38pm 42.1 6:46am 23 0 0.00 0 3 12:00am N1021.38 63 12 55.0 74.7 4:09pm 39.5 6:44am 20 2 0.00 0 3 12:00am NE1015.74 60 13 58.4 75.6 3:08pm 43.4 6:01am 17 3 0.00 0 3 12:00am NNE1018.33 58 14 58.1 70.4 1:53pm 47.0 6:54am 17 1 0.00 0 3 12:00am NNE1015.70 64 15 50.1 56.3 11:49am 44.1 7:44pm 25 0 0.20 0 3 12:00am NE1014.55 68 16 52.6 67.0 4:34pm 45.4 12:00am 22 0 0.38 0 3 12:00am NNE1019.63 80 17 57.3 76.2 4:18pm 41.7 6:59am 18 2 0.00 0 3 12:00am NNE1025.03 69 18 64.7 85.4 3:43pm 47.7 6:27am 12 7 0.00 0 3 12:00am NE1022.70 63 19 67.9 84.5 4:40pm 54.5 5:18am 9 7 0.00 0 1 12:00am NE1015.56 53 20 57.4 69.4 4:00pm 47.0 11:58pm 18 1 0.00 0 1 12:00am ENE1014.59 70 21 57.2 76.4 4:20pm 41.6 7:14am 18 3 0.00 0 0 12:00am E1020.41 66 22 63.9 85.7 3:36pm 45.2 6:29am 13 7 0.00 0 0 12:00am ENE1020.14 51 23 68.9 87.8 4:00pm 53.3 7:00am 9 8 0.00 0 0 12:00am NE1017.87 46 24 71.2 90.4 3:46pm 56.7 5:45am 8 9 0.00 0 0 12:00am ENE1016.13 56 25 72.4 90.9 4:07pm 58.8 6:50am 7 10 0.00 0 0 12:00am ENE1015.33 57 26 70.5 88.7 1:45pm 56.4 6:19am 8 9 0.00 0 0 12:00am E1015.57 49 27 66.6 84.3 3:38pm 53.6 7:35am 10 6 0.00 0 0 12:00am ENE1014.27 51 28 63.0 77.5 3:25pm 49.7 6:19am 12 4 0.00 0 0 12:00am E1011.58 59 29 60.7 76.7 4:21pm 48.0 7:38am 14 3 0.00 0 6 1:51pm E1010.06 65 30 53.6 67.3 4:12pm 47.9 11:50pm 21 0 0.00 0 2 12:00am ENE1015.44 76 --------------------------------------------------------------------------------------- TOT 58.9 90.9 4/25/19 35.7 4/10/19 506 87 1.69 0 9 4/7/19 NE1018.68 67 HEAT BASE: 75.0 COOL BASE: 64.0



Contact Us | Mobile
Never base any life decisions on weather information from this site or anywhere over the Internet.
Site is dedicated to our Lord & Savior Jesus Christ | Random Quotes

Copyright © 2019 El Dorado Weather, Inc. | Site Designed By:  El Dorado Weather