Forecast Directory
U.S. Alerts
El Dorado Weather Logo
U.S. Color IR Sat North America Color Background Satellite Thumb
Norcal Dual-Pol Radar Live Northern California Doppler Radar Thumbnail Image
W. Coast IR Satellite West Coast Infrared Satellite
Storm Cell Tracking Live Northern California Radar and Satellite Thumbnail Image
Street Level Radar Live U.S. Google Map Radar Thumbnail Image
Live Lightning Radar Placerville California Lightning Detection Radar Thumbnail Image
Live Streaming Webcam Placerville California Live Streaming WebCam Thumbnail Image
Local Wx Station Data Sacramento, Northern Sierra Nevada & the Motherlode Area Current Weather Conditions

NOAA Climate Report From: Placerville, Ca. Weather Station (EDWPC)

Archives below start from 6/22/2006 to the present:
2019: Jan | Feb | Mar | Apr | May | Jun | Jul | Aug | Sep | Oct | Nov | Dec 
2018: Jan | Feb | Mar | Apr | May | Jun | Jul | Aug | Sep | Oct | Nov | Dec 
2017: Jan | Feb | Mar | Apr | May | Jun | Jul | Aug | Sep | Oct | Nov | Dec 
2016: Jan | Feb | Mar | Apr | May | Jun | Jul | Aug | Sep | Oct | Nov | Dec 
2015: Jan | Feb | Mar | Apr | May | Jun | Jul | Aug | Sep | Oct | Nov | Dec 
2014: Jan | Feb | Mar | Apr | May | Jun | Jul | Aug | Sep | Oct | Nov | Dec 
2013: Jan | Feb | Mar | Apr | May | Jun | Jul | Aug | Sep | Oct | Nov | Dec 
2012: Jan | Feb | Mar | Apr | May | Jun | Jul | Aug | Sep | Oct | Nov | Dec 
2011: Jan | Feb | Mar | Apr | May | Jun | Jul | Aug | Sep | Oct | Nov | Dec 
2010: Jan | Feb | Mar | Apr | May | Jun | Jul | Aug | Sep | Oct | Nov | Dec 
2009: Jan | Feb | Mar | Apr | May | Jun | Jul | Aug | Sep | Oct | Nov | Dec 
2008: Jan | Feb | Mar | Apr | May | Jun | Jul | Aug | Sep | Oct | Nov | Dec 
2007: Jan | Feb | Mar | Apr | May | Jun | Jul | Aug | Sep | Oct | Nov | Dec 
 2006: Jan | Feb | Mar | Apr | May | Jun | Jul | Aug | Sep | Oct | Nov | Dec 

Report for 2019 02 MONTHLY CLIMATOLOGICAL SUMMARY FOR 2/2019 HEAT COOL MEAN DEG DEG WIND SPEED DOM MEAN MEAN DAY TEMP HIGH TIME LOW TIME DAYS DAYS RAIN AVG HI TIME DIR BAROM HUM --------------------------------------------------------------------------------------- 1 51.4 59.3 1:15pm 46.0 12:00am 24 0 0.23 0 1 12:00am W1013.61 81 2 47.2 52.4 7:25am 42.7 7:49pm 28 0 1.43 1 1 12:00am SSW1004.28 91 3 45.2 48.9 11:33am 42.0 11:48pm 30 0 0.80 1 5 1:38pm W1007.38 92 4 39.1 43.0 3:42am 33.3 9:30pm 36 0 1.40 1 1 12:00am W1006.10 92 5 34.9 40.2 3:45pm 32.4 7:10am 40 0 0.36 0 10 2:31am WNW1015.43 90 6 36.2 46.0 12:38pm 30.3 7:35am 39 0 0.04 0 0 12:00am SSW1025.98 82 7 37.2 48.5 1:30pm 29.3 4:11am 38 0 0.00 0 0 12:00am WNW1029.12 74 8 41.5 53.7 12:36pm 32.7 12:23am 33 0 0.13 0 0 12:00am WNW1021.88 72 9 40.0 41.9 2:29pm 36.8 11:59pm 35 0 1.53 1 0 12:00am W1015.64 92 10 37.6 46.9 12:56pm 32.0 11:50pm 37 0 0.18 0 0 12:00am WNW1019.37 80 11 37.7 49.9 12:58pm 29.5 6:50am 37 0 0.00 0 0 12:00am WNW1027.04 69 12 40.9 51.4 10:19pm 32.0 1:49am 34 0 0.03 0 21 11:25pm W1020.79 71 13 48.3 54.5 11:55pm 42.7 2:23am 27 0 2.11 1 22 2:46am NW1008.13 90 14 48.6 55.5 3:52am 41.1 10:16pm 26 0 0.69 1 14 9:43pm NW1004.23 92 15 39.3 42.0 12:00am 36.1 12:58pm 36 0 0.98 1 21 1:35am WNW1018.73 92 16 38.9 45.0 1:48pm 35.5 4:54am 36 0 0.38 0 4 12:13am NW1023.00 91 17 35.7 40.9 4:41pm 31.8 11:55pm 39 0 0.36 0 3 12:00am SW1020.50 91 18 37.7 51.7 2:16pm 28.7 6:30am 37 0 0.08 0 3 12:00am SSW1025.30 72 19 38.6 52.6 12:59pm 27.8 7:39am 36 0 0.00 0 0 12:00am WNW1025.32 64 20 39.4 47.5 2:47pm 33.9 10:36pm 36 0 0.05 0 0 12:00am NW1015.43 77 21 39.3 55.0 1:39pm 29.1 7:21am 36 0 0.00 0 0 12:00am SSW1010.92 65 22 38.4 54.1 1:51pm 26.9 5:38am 37 0 0.00 0 0 12:00am NW1022.51 55 23 41.1 55.0 12:14pm 30.3 3:22am 34 0 0.00 0 0 12:00am NW1029.87 61 24 44.6 53.7 2:14pm 37.1 2:09am 30 0 0.00 0 0 12:00am WNW1025.91 68 25 45.3 51.1 11:17am 41.3 7:30am 30 0 0.87 0 0 12:00am WNW1019.54 81 26 46.4 49.6 11:09pm 44.2 7:24am 29 0 0.88 1 0 12:00am W1018.11 87 27 49.4 58.5 1:09pm 43.2 3:18am 26 0 0.81 1 0 12:00am NW1019.18 86 28 44.6 49.0 3:31pm 42.2 7:51am 30 0 0.29 0 0 12:00am WNW1023.75 89 --------------------------------------------------------------------------------------- TOT 41.6 59.3 2/1/19 26.9 2/22/19 935 0 13.64 0 22 2/13/19 WNW1018.47 80 HEAT BASE: 75.0 COOL BASE: 64.0



Contact Us | Mobile
Never base any life decisions on weather information from this site or anywhere over the Internet.
Site is dedicated to our Lord & Savior Jesus Christ | Random Jesus Quotes

Copyright © 2019 El Dorado Weather, Inc. | Site Designed By:  El Dorado Weather