Forecast Directory
U.S. Alerts
El Dorado Weather Logo
U.S. Color IR Sat North America Color Background Satellite Thumb
Norcal Dual-Pol Radar Live Northern California Doppler Radar Thumbnail Image
W. Coast IR Satellite West Coast Infrared Satellite
Storm Cell Tracking Live Northern California Radar and Satellite Thumbnail Image
Street Level Radar Live U.S. Google Map Radar Thumbnail Image
Live Lightning Radar Placerville California Lightning Detection Radar Thumbnail Image
Live Streaming Webcam Placerville California Live Streaming WebCam Thumbnail Image
Local Wx Station Data Sacramento, Northern Sierra Nevada & the Motherlode Area Current Weather Conditions

NOAA Climate Report From: Placerville, Ca. Weather Station (EDWPC)

Archives below start from 6/22/2006 to the present:
2019: Jan | Feb | Mar | Apr | May | Jun | Jul | Aug | Sep | Oct | Nov | Dec 
2018: Jan | Feb | Mar | Apr | May | Jun | Jul | Aug | Sep | Oct | Nov | Dec 
2017: Jan | Feb | Mar | Apr | May | Jun | Jul | Aug | Sep | Oct | Nov | Dec 
2016: Jan | Feb | Mar | Apr | May | Jun | Jul | Aug | Sep | Oct | Nov | Dec 
2015: Jan | Feb | Mar | Apr | May | Jun | Jul | Aug | Sep | Oct | Nov | Dec 
2014: Jan | Feb | Mar | Apr | May | Jun | Jul | Aug | Sep | Oct | Nov | Dec 
2013: Jan | Feb | Mar | Apr | May | Jun | Jul | Aug | Sep | Oct | Nov | Dec 
2012: Jan | Feb | Mar | Apr | May | Jun | Jul | Aug | Sep | Oct | Nov | Dec 
2011: Jan | Feb | Mar | Apr | May | Jun | Jul | Aug | Sep | Oct | Nov | Dec 
2010: Jan | Feb | Mar | Apr | May | Jun | Jul | Aug | Sep | Oct | Nov | Dec 
2009: Jan | Feb | Mar | Apr | May | Jun | Jul | Aug | Sep | Oct | Nov | Dec 
2008: Jan | Feb | Mar | Apr | May | Jun | Jul | Aug | Sep | Oct | Nov | Dec 
2007: Jan | Feb | Mar | Apr | May | Jun | Jul | Aug | Sep | Oct | Nov | Dec 
 2006: Jan | Feb | Mar | Apr | May | Jun | Jul | Aug | Sep | Oct | Nov | Dec 

Report for 2018 08 MONTHLY CLIMATOLOGICAL SUMMARY FOR 8/2018 HEAT COOL MEAN DEG DEG WIND SPEED DOM MEAN MEAN DAY TEMP HIGH TIME LOW TIME DAYS DAYS RAIN AVG HI TIME DIR BAROM HUM --------------------------------------------------------------------------------------- 1 80.8 99.3 4:53pm 65.8 7:25am 2 17 0.00 0 3 12:00am W1014.00 37 2 79.6 99.1 4:02pm 63.0 6:39am 4 16 0.00 0 3 12:00am W1013.73 32 3 77.7 95.7 5:06pm 59.2 7:08am 4 14 0.00 0 3 12:00am W1014.39 32 4 78.7 95.7 4:18pm 66.3 7:25am 3 15 0.00 0 3 12:00am W1013.59 28 5 75.4 93.4 3:18pm 59.1 7:18am 5 12 0.00 0 3 12:00am W1014.75 33 6 76.3 95.3 4:06pm 61.1 6:26am 5 13 0.00 0 3 12:00am NW1016.04 35 7 78.1 96.0 3:23pm 64.1 3:56am 4 14 0.00 0 1 12:00am W1013.16 36 8 80.3 98.6 3:44pm 63.8 7:14am 3 16 0.00 0 1 12:00am W1013.79 36 9 82.5 102.3 4:01pm 66.6 7:10am 2 18 0.00 0 1 12:00am W1014.41 33 10 84.0 103.4 4:09pm 68.2 6:17am 2 20 0.00 0 1 12:00am W1014.95 31 11 81.9 100.0 5:03pm 67.8 6:04am 2 18 0.00 0 1 12:00am W1014.79 30 12 79.9 98.7 4:42pm 64.0 6:55am 3 16 0.00 0 1 12:00am W1014.15 27 13 79.1 96.5 4:30pm 64.9 7:14am 3 15 0.00 0 1 12:00am W1013.89 27 14 75.7 94.2 4:03pm 62.7 4:57am 4 12 0.00 0 0 12:00am W1012.93 34 15 73.7 93.6 3:32pm 56.4 7:20am 6 11 0.00 0 0 12:00am W1014.29 47 16 77.9 98.2 4:17pm 60.8 6:58am 5 14 0.00 0 0 12:00am W1017.15 36 17 81.8 100.1 4:32pm 66.1 7:06am 3 18 0.00 0 0 12:00am W1018.06 35 18 82.5 102.5 4:00pm 66.5 7:31am 2 19 0.00 0 0 12:00am W1017.40 32 19 81.5 100.6 4:42pm 68.0 4:59am 2 17 0.00 0 0 12:00am W1014.14 26 20 78.3 96.4 3:47pm 65.1 5:15am 4 14 0.00 0 7 2:49pm W1012.23 27 21 70.3 88.6 4:55pm 55.6 7:45am 8 8 0.00 0 7 12:00am W1014.89 48 22 70.2 90.1 4:48pm 53.4 6:47am 9 9 0.00 0 7 12:00am W1017.48 55 23 69.5 89.5 4:43pm 53.5 6:54am 9 8 0.00 0 7 12:00am W1017.72 53 24 67.9 86.8 4:27pm 52.1 7:13am 10 7 0.00 0 7 12:00am W1015.87 52 25 71.2 90.6 4:49pm 55.9 4:16am 8 10 0.00 0 7 12:00am W1015.44 40 26 71.9 89.8 3:52pm 56.8 7:07am 7 10 0.00 0 7 12:00am W1015.63 38 27 69.5 86.3 4:05pm 55.6 3:53am 8 8 0.00 0 7 12:00am W1014.08 44 28 67.6 85.0 4:53pm 53.6 7:13am 9 6 0.00 0 7 12:00am W1015.32 60 29 67.7 85.9 4:41pm 54.1 7:25am 9 7 0.00 0 7 12:00am W1016.71 60 30 64.9 82.9 3:31pm 51.2 7:13am 11 5 0.00 0 1 12:00am W1018.95 62 31 68.6 89.1 3:51pm 52.5 6:22am 9 8 0.00 0 1 12:00am W1017.02 54 --------------------------------------------------------------------------------------- TOT 75.6 103.4 8/10/18 51.2 8/30/18 167 396 0.00 0 7 8/20/18 W1015.24 39 HEAT BASE: 75.0 COOL BASE: 64.0



Contact Us | Mobile
Never base any life decisions on weather information from this site or anywhere over the Internet.
Site is dedicated to our Lord & Savior Jesus Christ | Random Quotes

Copyright © 2019 El Dorado Weather, Inc. | Site Designed By:  El Dorado Weather