Forecast Directory
U.S. Alerts
El Dorado Weather Logo
U.S. Color IR Sat North America Color Background Satellite Thumb
Norcal Dual-Pol Radar Live Northern California Doppler Radar Thumbnail Image
W. Coast IR Satellite West Coast Infrared Satellite
Storm Cell Tracking Live Northern California Radar and Satellite Thumbnail Image
Street Level Radar Live U.S. Google Map Radar Thumbnail Image
Live Lightning Radar Placerville California Lightning Detection Radar Thumbnail Image
Live Streaming Webcam Placerville California Live Streaming WebCam Thumbnail Image
Local Wx Station Data Sacramento, Northern Sierra Nevada & the Motherlode Area Current Weather Conditions

NOAA Climate Report From: Placerville, Ca. Weather Station (EDWPC)

Archives below start from 6/22/2006 to the present:
2019: Jan | Feb | Mar | Apr | May | Jun | Jul | Aug | Sep | Oct | Nov | Dec 
2018: Jan | Feb | Mar | Apr | May | Jun | Jul | Aug | Sep | Oct | Nov | Dec 
2017: Jan | Feb | Mar | Apr | May | Jun | Jul | Aug | Sep | Oct | Nov | Dec 
2016: Jan | Feb | Mar | Apr | May | Jun | Jul | Aug | Sep | Oct | Nov | Dec 
2015: Jan | Feb | Mar | Apr | May | Jun | Jul | Aug | Sep | Oct | Nov | Dec 
2014: Jan | Feb | Mar | Apr | May | Jun | Jul | Aug | Sep | Oct | Nov | Dec 
2013: Jan | Feb | Mar | Apr | May | Jun | Jul | Aug | Sep | Oct | Nov | Dec 
2012: Jan | Feb | Mar | Apr | May | Jun | Jul | Aug | Sep | Oct | Nov | Dec 
2011: Jan | Feb | Mar | Apr | May | Jun | Jul | Aug | Sep | Oct | Nov | Dec 
2010: Jan | Feb | Mar | Apr | May | Jun | Jul | Aug | Sep | Oct | Nov | Dec 
2009: Jan | Feb | Mar | Apr | May | Jun | Jul | Aug | Sep | Oct | Nov | Dec 
2008: Jan | Feb | Mar | Apr | May | Jun | Jul | Aug | Sep | Oct | Nov | Dec 
2007: Jan | Feb | Mar | Apr | May | Jun | Jul | Aug | Sep | Oct | Nov | Dec 
 2006: Jan | Feb | Mar | Apr | May | Jun | Jul | Aug | Sep | Oct | Nov | Dec 

Report for 2018 05 MONTHLY CLIMATOLOGICAL SUMMARY FOR 5/2018 HEAT COOL MEAN DEG DEG WIND SPEED DOM MEAN MEAN DAY TEMP HIGH TIME LOW TIME DAYS DAYS RAIN AVG HI TIME DIR BAROM HUM --------------------------------------------------------------------------------------- 1 59.0 76.7 3:55pm 45.1 2:40am 16 3 0.03 0 3 12:00am W1012.49 60 2 59.9 77.9 4:02pm 44.1 7:08am 15 3 0.00 0 2 12:00am W1016.74 62 3 61.6 79.2 3:44pm 47.9 6:46am 14 3 0.00 0 2 12:00am W1023.95 64 4 67.7 86.7 4:35pm 53.7 3:31am 10 7 0.00 0 2 12:00am W1024.04 58 5 66.2 82.3 1:08pm 55.6 3:49am 10 5 0.00 0 2 12:00am W1018.74 62 6 62.0 79.0 2:42pm 46.4 6:39am 13 4 0.00 0 2 12:00am W1019.58 63 7 66.6 86.5 3:44pm 50.0 6:56am 11 7 0.00 0 2 12:00am W1020.64 55 8 69.6 90.4 4:30pm 54.5 6:11am 9 9 0.00 0 2 12:00am W1018.94 54 9 65.5 82.9 4:50pm 52.6 6:36am 11 5 0.00 0 2 12:00am W1018.50 60 10 65.5 84.1 4:34pm 50.6 5:23am 11 6 0.00 0 3 11:09am W1014.90 61 11 64.7 85.4 4:31pm 50.8 7:10am 12 5 0.00 0 2 12:00am W1010.73 51 12 62.5 81.2 3:14pm 48.0 6:54am 13 4 0.00 0 2 12:00am W1012.62 48 13 61.6 79.0 4:22pm 50.5 4:31am 14 3 0.00 0 5 1:30pm W1016.63 60 14 62.0 79.8 4:12pm 50.2 4:53am 13 4 0.00 0 0 12:00am W1016.20 61 15 60.1 77.1 4:20pm 47.6 6:19am 15 3 0.00 0 0 12:00am W1017.93 63 16 53.4 62.2 4:17pm 47.8 4:49am 22 0 0.37 0 1 12:36pm S1020.61 79 17 62.0 78.5 4:49pm 48.8 4:28am 13 4 0.00 0 0 12:00am W1018.07 68 18 64.5 83.2 4:59pm 50.5 6:39am 12 5 0.00 0 0 12:00am W1015.73 67 19 64.1 81.1 4:28pm 51.0 6:02am 12 5 0.00 0 1 5:33pm W1014.52 64 20 59.0 75.9 3:56pm 46.6 7:16am 16 2 0.00 0 1 12:00am W1015.04 67 21 62.5 81.2 5:08pm 47.8 6:22am 13 4 0.00 0 1 12:00am W1012.27 66 22 66.4 82.4 5:20pm 53.4 5:56am 10 6 0.00 0 1 12:00am W1012.40 64 23 61.1 77.5 4:28pm 51.3 6:17am 14 3 0.00 0 1 12:00am W1015.24 70 24 60.9 78.6 3:12pm 48.6 6:14am 14 4 0.00 0 1 12:00am W1018.10 66 25 52.4 57.8 5:45pm 49.8 12:29pm 23 0 0.33 0 1 12:00am W1021.75 85 26 57.6 70.6 5:35pm 47.0 4:08am 17 1 0.00 0 2 12:23pm W1020.10 75 27 65.9 85.7 5:09pm 48.5 6:34am 11 7 0.00 0 2 12:00am W1016.68 64 28 73.0 93.7 5:13pm 56.3 6:53am 7 11 0.00 0 2 12:00am W1014.86 54 29 77.1 96.3 4:40pm 61.2 5:12am 5 13 0.00 0 2 12:00am W1010.09 48 30 66.1 80.1 1:51pm 52.3 11:59pm 9 5 0.00 0 2 12:00am W1009.10 51 31 57.4 72.9 4:46pm 45.6 3:44am 18 2 0.00 0 2 12:00am W1015.59 57 --------------------------------------------------------------------------------------- TOT 63.1 96.3 5/29/18 44.1 5/2/18 402 142 0.73 0 5 5/13/18 W1016.56 62 HEAT BASE: 75.0 COOL BASE: 64.0

Google


Contact Us | Mobile
Never base any life decisions on weather information from this site or anywhere over the Internet.
Site is dedicated to our Lord & Savior Jesus Christ | Random Quotes

Copyright © 2019 El Dorado Weather, Inc. | Site Designed By:  El Dorado Weather